Last updated on 2017-07-31 01:47:07.
Flavor | Version | Tinstall | Tcheck | Ttotal | Status | Flags |
---|---|---|---|---|---|---|
r-devel-linux-x86_64-debian-clang | 1.2.4 | 4.08 | 55.12 | 59.21 | NOTE | |
r-devel-linux-x86_64-debian-gcc | 1.2.4 | 3.81 | 46.59 | 50.40 | NOTE | |
r-devel-linux-x86_64-fedora-clang | 1.2.4 | 110.99 | NOTE | |||
r-devel-linux-x86_64-fedora-gcc | 1.2.4 | 110.48 | NOTE | |||
r-devel-windows-ix86+x86_64 | 1.2.4 | 21.00 | 90.00 | 111.00 | NOTE | |
r-patched-linux-x86_64 | 1.2.4 | 4.21 | 54.65 | 58.86 | NOTE | |
r-patched-solaris-x86 | 1.2.4 | 164.80 | NOTE | |||
r-release-linux-x86_64 | 1.2.4 | 4.34 | 54.88 | 59.22 | NOTE | |
r-release-windows-ix86+x86_64 | 1.2.4 | 22.00 | 110.00 | 132.00 | NOTE | |
r-release-osx-x86_64 | 1.2.4 | NOTE | ||||
r-oldrel-windows-ix86+x86_64 | 1.2.4 | 12.00 | 82.00 | 94.00 | NOTE | |
r-oldrel-osx-x86_64 | 1.2.4 | OK |
Version: 1.2.4
Check: R code for possible problems
Result: NOTE
missing.plot: possible error in theme(axis.text.x = element_text(size =
6, angle = -90, hjust = 0.5, vjust = 0.5), axis.text.x =
element_blank(), axis.ticks = element_blank()): formal argument
"axis.text.x" matched by multiple actual arguments
Flavors: r-devel-linux-x86_64-debian-clang, r-devel-linux-x86_64-debian-gcc, r-devel-linux-x86_64-fedora-clang, r-devel-linux-x86_64-fedora-gcc, r-devel-windows-ix86+x86_64, r-patched-linux-x86_64, r-patched-solaris-x86, r-release-linux-x86_64, r-release-windows-ix86+x86_64, r-release-osx-x86_64, r-oldrel-windows-ix86+x86_64