CRAN Package Check Results for Package nbpMatching

Last updated on 2017-07-31 01:47:07.

Flavor Version Tinstall Tcheck Ttotal Status Flags
r-devel-linux-x86_64-debian-clang 1.5.1 4.69 54.19 58.88 NOTE
r-devel-linux-x86_64-debian-gcc 1.5.1 4.80 46.41 51.21 NOTE
r-devel-linux-x86_64-fedora-clang 1.5.1 111.74 NOTE
r-devel-linux-x86_64-fedora-gcc 1.5.1 112.10 NOTE
r-devel-windows-ix86+x86_64 1.5.1 24.00 119.00 143.00 OK
r-patched-linux-x86_64 1.5.1 4.68 53.49 58.17 NOTE
r-patched-solaris-x86 1.5.1 151.60 OK
r-release-linux-x86_64 1.5.1 4.79 55.00 59.79 NOTE
r-release-windows-ix86+x86_64 1.5.1 31.00 159.00 190.00 OK
r-release-osx-x86_64 1.5.1 OK
r-oldrel-windows-ix86+x86_64 1.5.1 16.00 107.00 123.00 OK
r-oldrel-osx-x86_64 1.5.1 OK

Check Details

Version: 1.5.1
Check: compiled code
Result: NOTE
    File ‘nbpMatching/libs/nbpMatching.so’:
     Found no calls to: ‘R_registerRoutines’, ‘R_useDynamicSymbols’
    
    It is good practice to register native routines and to disable symbol
    search.
    
    See ‘Writing portable packages’ in the ‘Writing R Extensions’ manual.
Flavors: r-devel-linux-x86_64-debian-clang, r-devel-linux-x86_64-debian-gcc, r-devel-linux-x86_64-fedora-clang, r-devel-linux-x86_64-fedora-gcc, r-patched-linux-x86_64, r-release-linux-x86_64