CRAN Package Check Results for Package neuropsychology

Last updated on 2017-07-31 01:47:07.

Flavor Version Tinstall Tcheck Ttotal Status Flags
r-devel-linux-x86_64-debian-clang 0.5.0 17.62 89.42 107.04 OK
r-devel-linux-x86_64-debian-gcc 0.5.0 17.19 81.19 98.39 OK
r-devel-linux-x86_64-fedora-clang 0.5.0 214.83 NOTE
r-devel-linux-x86_64-fedora-gcc 0.5.0 211.64 NOTE
r-devel-windows-ix86+x86_64 0.5.0 48.00 155.00 203.00 OK
r-patched-linux-x86_64 0.5.0 16.38 92.05 108.43 OK
r-patched-solaris-x86 0.5.0 355.80 NOTE
r-release-linux-x86_64 0.5.0 17.01 91.13 108.13 OK
r-release-windows-ix86+x86_64 0.5.0 63.00 188.00 251.00 OK
r-release-osx-x86_64 0.5.0 NOTE
r-oldrel-windows-ix86+x86_64 0.5.0 39.00 141.00 180.00 OK
r-oldrel-osx-x86_64 0.5.0 NOTE

Check Details

Version: 0.5.0
Check: dependencies in R code
Result: NOTE
    Namespaces in Imports field not imported from:
     ‘htmlTable’ ‘lme4’ ‘stringi’
     All declared Imports should be used.
Flavors: r-devel-linux-x86_64-fedora-clang, r-devel-linux-x86_64-fedora-gcc, r-patched-solaris-x86, r-release-osx-x86_64, r-oldrel-osx-x86_64