CRAN Package Check Results for Package nucim

Last updated on 2017-07-31 01:47:08.

Flavor Version Tinstall Tcheck Ttotal Status Flags
r-devel-linux-x86_64-debian-clang 1.0.0 2.48 38.89 41.37 OK
r-devel-linux-x86_64-debian-gcc 1.0.0 2.70 31.02 33.71 OK
r-devel-linux-x86_64-fedora-clang 1.0.0 62.49 OK
r-devel-linux-x86_64-fedora-gcc 1.0.0 60.32 OK
r-devel-windows-ix86+x86_64 1.0.0 10.00 66.00 76.00 OK
r-patched-linux-x86_64 1.0.0 2.51 38.94 41.45 OK
r-release-linux-x86_64 1.0.0 2.67 38.77 41.44 OK
r-release-windows-ix86+x86_64 1.0.0 8.00 83.00 91.00 OK
r-release-osx-x86_64 1.0.0 ERROR
r-oldrel-windows-ix86+x86_64 1.0.0 14.00 59.00 73.00 OK
r-oldrel-osx-x86_64 1.0.0 OK

Check Details

Version: 1.0.0
Check: package dependencies
Result: ERROR
    Packages required but not available: ‘EBImage’ ‘bioimagetools’
    
    See section ‘The DESCRIPTION file’ in the ‘Writing R Extensions’
    manual.
Flavor: r-release-osx-x86_64