Last updated on 2017-07-31 01:47:08.
Flavor | Version | Tinstall | Tcheck | Ttotal | Status | Flags |
---|---|---|---|---|---|---|
r-devel-linux-x86_64-debian-clang | 0.2.2 | 6.69 | 25.01 | 31.70 | OK | |
r-devel-linux-x86_64-debian-gcc | 0.2.2 | 7.45 | 18.59 | 26.05 | OK | |
r-devel-linux-x86_64-fedora-clang | 0.2.2 | 49.03 | NOTE | |||
r-devel-linux-x86_64-fedora-gcc | 0.2.2 | 47.60 | NOTE | |||
r-devel-windows-ix86+x86_64 | 0.2.2 | 19.00 | 44.00 | 63.00 | NOTE | |
r-patched-linux-x86_64 | 0.2.2 | 7.78 | 24.97 | 32.75 | OK | |
r-patched-solaris-x86 | 0.2.2 | 74.10 | NOTE | |||
r-release-linux-x86_64 | 0.2.2 | 7.61 | 24.72 | 32.32 | OK | |
r-release-windows-ix86+x86_64 | 0.2.2 | 15.00 | 55.00 | 70.00 | NOTE | |
r-release-osx-x86_64 | 0.2.2 | NOTE | ||||
r-oldrel-windows-ix86+x86_64 | 0.2.2 | 18.00 | 37.00 | 55.00 | NOTE | |
r-oldrel-osx-x86_64 | 0.2.2 | NOTE |
Version: 0.2.2
Check: installed package size
Result: NOTE
installed size is 7.0Mb
sub-directories of 1Mb or more:
data 6.9Mb
Flavors: r-devel-linux-x86_64-fedora-clang, r-devel-linux-x86_64-fedora-gcc, r-devel-windows-ix86+x86_64, r-patched-solaris-x86, r-release-windows-ix86+x86_64, r-release-osx-x86_64, r-oldrel-windows-ix86+x86_64, r-oldrel-osx-x86_64