CRAN Package Check Results for Package oncomodel

Last updated on 2017-07-31 01:47:08.

Flavor Version Tinstall Tcheck Ttotal Status Flags
r-devel-linux-x86_64-debian-clang 1.0 0.74 21.54 22.28 NOTE
r-devel-linux-x86_64-debian-gcc 1.0 0.72 15.54 16.26 NOTE
r-devel-linux-x86_64-fedora-clang 1.0 27.36 NOTE
r-devel-linux-x86_64-fedora-gcc 1.0 26.62 NOTE
r-devel-windows-ix86+x86_64 1.0 4.00 38.00 42.00 NOTE
r-patched-linux-x86_64 1.0 0.86 21.54 22.40 NOTE
r-patched-solaris-x86 1.0 37.90 NOTE
r-release-linux-x86_64 1.0 0.72 21.70 22.41 NOTE
r-release-windows-ix86+x86_64 1.0 3.00 46.00 49.00 NOTE
r-release-osx-x86_64 1.0 NOTE
r-oldrel-windows-ix86+x86_64 1.0 5.00 35.00 40.00 NOTE
r-oldrel-osx-x86_64 1.0 NOTE

Check Details

Version: 1.0
Check: R code for possible problems
Result: NOTE
    Found an obsolete/platform-specific call in the following function:
     ‘comp.freq’
    Found the platform-specific device:
     ‘x11’
    dev.new() is the preferred way to open a new device, in the unlikely
    event one is needed.
    MLparameters: no visible global function definition for ‘optim’
    comp.freq: no visible global function definition for ‘x11’
    comp.freq: no visible global function definition for ‘par’
    comp.freq: no visible global function definition for ‘plot’
    Undefined global functions or variables:
     optim par plot x11
    Consider adding
     importFrom("grDevices", "x11")
     importFrom("graphics", "par", "plot")
     importFrom("stats", "optim")
    to your NAMESPACE file.
Flavors: r-devel-linux-x86_64-debian-clang, r-devel-linux-x86_64-debian-gcc, r-devel-linux-x86_64-fedora-clang, r-devel-linux-x86_64-fedora-gcc, r-patched-linux-x86_64, r-patched-solaris-x86, r-release-linux-x86_64

Version: 1.0
Check: Rd line widths
Result: NOTE
    Rd file 'oncomodel-package.Rd':
     \examples lines wider than 100 characters:
     #plot.phylog(y.phyl, cnodes =1, clabel.n=0.6, f=0.75, sub="Oncogenetic tree of given aberrations")
    
    These lines will be truncated in the PDF manual.
Flavors: r-devel-linux-x86_64-debian-clang, r-devel-linux-x86_64-debian-gcc, r-devel-linux-x86_64-fedora-clang, r-devel-linux-x86_64-fedora-gcc, r-patched-linux-x86_64, r-release-linux-x86_64

Version: 1.0
Check: R code for possible problems
Result: NOTE
    MLparameters: no visible global function definition for 'optim'
    comp.freq: no visible global function definition for 'x11'
    comp.freq: no visible global function definition for 'par'
    comp.freq: no visible global function definition for 'plot'
    Undefined global functions or variables:
     optim par plot x11
    Consider adding
     importFrom("grDevices", "x11")
     importFrom("graphics", "par", "plot")
     importFrom("stats", "optim")
    to your NAMESPACE file.
Flavors: r-devel-windows-ix86+x86_64, r-release-windows-ix86+x86_64, r-release-osx-x86_64, r-oldrel-windows-ix86+x86_64, r-oldrel-osx-x86_64