Last updated on 2017-07-31 01:47:08.
Flavor | Version | Tinstall | Tcheck | Ttotal | Status | Flags |
---|---|---|---|---|---|---|
r-devel-linux-x86_64-debian-clang | 0.2-6 | 1.45 | 28.71 | 30.16 | NOTE | |
r-devel-linux-x86_64-debian-gcc | 0.2-6 | 1.57 | 21.38 | 22.95 | NOTE | |
r-devel-linux-x86_64-fedora-clang | 0.2-6 | 45.03 | NOTE | |||
r-devel-linux-x86_64-fedora-gcc | 0.2-6 | 44.26 | NOTE | |||
r-devel-windows-ix86+x86_64 | 0.2-6 | 6.00 | 49.00 | 55.00 | NOTE | |
r-patched-linux-x86_64 | 0.2-6 | 1.37 | 27.66 | 29.03 | NOTE | |
r-patched-solaris-x86 | 0.2-6 | 63.30 | NOTE | |||
r-release-linux-x86_64 | 0.2-6 | 1.56 | 28.01 | 29.57 | NOTE | |
r-release-windows-ix86+x86_64 | 0.2-6 | 5.00 | 44.00 | 49.00 | NOTE | |
r-release-osx-x86_64 | 0.2-6 | NOTE | ||||
r-oldrel-windows-ix86+x86_64 | 0.2-6 | 6.00 | 52.00 | 58.00 | NOTE | |
r-oldrel-osx-x86_64 | 0.2-6 | NOTE |
Version: 0.2-6
Check: package dependencies
Result: NOTE
Package suggested but not available for checking: ‘openNLPmodels.en’
Flavors: r-devel-linux-x86_64-debian-clang, r-devel-linux-x86_64-debian-gcc, r-devel-linux-x86_64-fedora-clang, r-devel-linux-x86_64-fedora-gcc, r-devel-windows-ix86+x86_64, r-patched-linux-x86_64, r-patched-solaris-x86, r-release-linux-x86_64, r-release-windows-ix86+x86_64, r-release-osx-x86_64, r-oldrel-windows-ix86+x86_64, r-oldrel-osx-x86_64