Last updated on 2017-07-31 01:47:08.
Flavor | Version | Tinstall | Tcheck | Ttotal | Status | Flags |
---|---|---|---|---|---|---|
r-devel-linux-x86_64-debian-clang | 0.9.1 | 88.18 | 188.19 | 276.38 | OK | |
r-devel-linux-x86_64-debian-gcc | 0.9.1 | 100.25 | 182.34 | 282.60 | OK | |
r-devel-linux-x86_64-fedora-clang | 0.9.1 | 510.23 | NOTE | |||
r-devel-linux-x86_64-fedora-gcc | 0.9.1 | 505.27 | NOTE | |||
r-devel-windows-ix86+x86_64 | 0.9.1 | 362.00 | 435.00 | 797.00 | OK | |
r-patched-linux-x86_64 | 0.9.1 | 96.01 | 185.03 | 281.04 | OK | |
r-patched-solaris-x86 | 0.9.1 | 656.60 | OK | |||
r-release-linux-x86_64 | 0.9.1 | 95.77 | 187.90 | 283.67 | OK | |
r-release-windows-ix86+x86_64 | 0.9.1 | 276.00 | 512.00 | 788.00 | OK | |
r-release-osx-x86_64 | 0.9.1 | OK | ||||
r-oldrel-windows-ix86+x86_64 | 0.9.1 | 329.00 | 373.00 | 702.00 | OK | |
r-oldrel-osx-x86_64 | 0.9.1 | NOTE |
Version: 0.9.1
Check: installed package size
Result: NOTE
installed size is 5.8Mb
sub-directories of 1Mb or more:
extdata 1.8Mb
libs 3.0Mb
Flavors: r-devel-linux-x86_64-fedora-clang, r-devel-linux-x86_64-fedora-gcc, r-oldrel-osx-x86_64