Last updated on 2017-07-31 01:47:08.
Flavor | Version | Tinstall | Tcheck | Ttotal | Status | Flags |
---|---|---|---|---|---|---|
r-devel-linux-x86_64-debian-clang | 2.0-1 | 0.98 | 21.18 | 22.16 | OK | --install=fake |
r-devel-linux-x86_64-debian-gcc | 2.0-1 | 0.98 | 15.16 | 16.14 | OK | --install=fake |
r-devel-linux-x86_64-fedora-clang | 2.0-1 | 25.43 | OK | --install=fake | ||
r-devel-linux-x86_64-fedora-gcc | 2.0-1 | 24.66 | OK | --install=fake | ||
r-patched-linux-x86_64 | 2.0-1 | 0.99 | 20.98 | 21.97 | OK | --install=fake |
r-release-linux-x86_64 | 2.0-1 | 0.94 | 21.14 | 22.08 | OK | --install=fake |
r-release-osx-x86_64 | 2.0-1 | ERROR | ||||
r-oldrel-windows-ix86+x86_64 | 2.0-1 | 1.00 | 4.00 | 5.00 | ERROR | |
r-oldrel-osx-x86_64 | 2.0-1 | ERROR |
Version: 2.0-1
Check: package dependencies
Result: ERROR
Package required but not available: ‘ROracle’
See section ‘The DESCRIPTION file’ in the ‘Writing R Extensions’
manual.
Flavors: r-release-osx-x86_64, r-oldrel-windows-ix86+x86_64, r-oldrel-osx-x86_64