CRAN Package Check Results for Package pairwise

Last updated on 2017-07-31 01:47:09.

Flavor Version Tinstall Tcheck Ttotal Status Flags
r-devel-linux-x86_64-debian-clang 0.4.1 2.24 58.94 61.18 OK
r-devel-linux-x86_64-debian-gcc 0.4.1 2.16 45.76 47.91 OK
r-devel-linux-x86_64-fedora-clang 0.4.1 95.35 OK
r-devel-linux-x86_64-fedora-gcc 0.4.1 89.38 OK
r-devel-windows-ix86+x86_64 0.4.1 9.00 89.00 98.00 OK
r-patched-linux-x86_64 0.4.1 2.16 59.97 62.14 OK
r-patched-solaris-x86 0.4.1 123.40 OK
r-release-linux-x86_64 0.4.1 2.16 57.82 59.98 OK
r-release-windows-ix86+x86_64 0.4.1 6.00 103.00 109.00 OK
r-release-osx-x86_64 0.4.1 NOTE
r-oldrel-windows-ix86+x86_64 0.4.1 8.00 81.00 89.00 OK
r-oldrel-osx-x86_64 0.4.1 OK

Check Details

Version: 0.4.1
Check: re-building of vignette outputs
Result: NOTE
    Error in re-building vignettes:
     ...
    Error in texi2dvi(file = file, pdf = TRUE, clean = clean, quiet = quiet, :
     Running 'texi2dvi' on 'DEU_PISA2012_description.tex' failed.
    LaTeX errors:
    ! LaTeX Error: File `apacite.sty' not found.
    
    Type X to quit or <RETURN> to proceed,
    or enter new name. (Default extension: sty)
    
    ! Emergency stop.
    <read *>
    
    l.9 \usepackage
     {tabularx}^^M
    ! ==> Fatal error occurred, no output PDF file produced!
    Calls: buildVignettes -> texi2pdf -> texi2dvi
    Execution halted
Flavor: r-release-osx-x86_64