Last updated on 2017-07-31 01:47:09.
Flavor | Version | Tinstall | Tcheck | Ttotal | Status | Flags |
---|---|---|---|---|---|---|
r-devel-linux-x86_64-debian-clang | 0.4-7 | 2.92 | 89.79 | 92.71 | OK | |
r-devel-linux-x86_64-debian-gcc | 0.4-7 | 3.00 | 77.19 | 80.19 | OK | |
r-devel-linux-x86_64-fedora-clang | 0.4-7 | 170.56 | OK | |||
r-devel-linux-x86_64-fedora-gcc | 0.4-7 | 169.25 | OK | |||
r-devel-windows-ix86+x86_64 | 0.4-7 | 13.00 | 139.00 | 152.00 | OK | |
r-patched-linux-x86_64 | 0.4-7 | 3.10 | 86.47 | 89.57 | OK | |
r-patched-solaris-x86 | 0.4-7 | 206.10 | OK | |||
r-release-linux-x86_64 | 0.4-7 | 4.56 | 86.50 | 91.06 | OK | |
r-release-windows-ix86+x86_64 | 0.4-7 | 9.00 | 174.00 | 183.00 | OK | |
r-release-osx-x86_64 | 0.4-7 | NOTE | ||||
r-oldrel-windows-ix86+x86_64 | 0.4-7 | 12.00 | 123.00 | 135.00 | OK | |
r-oldrel-osx-x86_64 | 0.4-7 | OK |
Version: 0.4-7
Check: re-building of vignette outputs
Result: NOTE
Error in re-building vignettes:
...
Loading required package: pbkrtest
Loading required package: lme4
Loading required package: Matrix
refitting model(s) with ML (instead of REML)
refitting model(s) with ML (instead of REML)
[[ suppressing 10 column names '1', '2', '3' ... ]]
[[ suppressing 10 column names '1', '2', '3' ... ]]
Error in texi2dvi(file = file, pdf = TRUE, clean = clean, quiet = quiet, :
Running 'texi2dvi' on 'pbkrtest-introduction.tex' failed.
LaTeX errors:
! LaTeX Error: File `boxedminipage.sty' not found.
Type X to quit or <RETURN> to proceed,
or enter new name. (Default extension: sty)
! Emergency stop.
<read *>
l.10 \usepackage
[noae]{Sweave}^^M
! ==> Fatal error occurred, no output PDF file produced!
Calls: buildVignettes -> texi2pdf -> texi2dvi
Execution halted
Flavor: r-release-osx-x86_64