Last updated on 2017-07-31 01:47:09.
Flavor | Version | Tinstall | Tcheck | Ttotal | Status | Flags |
---|---|---|---|---|---|---|
r-devel-linux-x86_64-debian-clang | 1.0.2 | 3.27 | 57.80 | 61.07 | OK | |
r-devel-linux-x86_64-debian-gcc | 1.0.2 | 3.37 | 50.13 | 53.50 | OK | |
r-devel-linux-x86_64-fedora-clang | 1.0.2 | 105.82 | OK | |||
r-devel-linux-x86_64-fedora-gcc | 1.0.2 | 102.74 | OK | |||
r-devel-windows-ix86+x86_64 | 1.0.2 | 12.00 | 95.00 | 107.00 | OK | |
r-patched-linux-x86_64 | 1.0.2 | 3.46 | 58.74 | 62.20 | OK | |
r-patched-solaris-x86 | 1.0.2 | 143.20 | OK | |||
r-release-linux-x86_64 | 1.0.2 | 4.00 | 59.14 | 63.14 | OK | |
r-release-windows-ix86+x86_64 | 1.0.2 | 17.00 | 122.00 | 139.00 | OK | |
r-release-osx-x86_64 | 1.0.2 | ERROR | ||||
r-oldrel-windows-ix86+x86_64 | 1.0.2 | 14.00 | 84.00 | 98.00 | OK | |
r-oldrel-osx-x86_64 | 1.0.2 | OK |
Version: 1.0.2
Check: package dependencies
Result: ERROR
Package required but not available: ‘strvalidator’
See section ‘The DESCRIPTION file’ in the ‘Writing R Extensions’
manual.
Flavor: r-release-osx-x86_64