CRAN Package Check Results for Package performanceEstimation

Last updated on 2017-07-31 01:47:10.

Flavor Version Tinstall Tcheck Ttotal Status Flags
r-devel-linux-x86_64-debian-clang 1.1.0 1.76 37.10 38.86 OK
r-devel-linux-x86_64-debian-gcc 1.1.0 1.82 25.42 27.24 OK
r-devel-linux-x86_64-fedora-clang 1.1.0 49.82 OK
r-devel-linux-x86_64-fedora-gcc 1.1.0 48.74 OK
r-devel-windows-ix86+x86_64 1.1.0 7.00 54.00 61.00 OK
r-patched-linux-x86_64 1.1.0 1.58 37.41 38.99 OK
r-patched-solaris-x86 1.1.0 59.80 OK
r-release-linux-x86_64 1.1.0 1.68 36.99 38.67 OK
r-release-windows-ix86+x86_64 1.1.0 5.00 63.00 68.00 OK
r-release-osx-x86_64 1.1.0 NOTE
r-oldrel-windows-ix86+x86_64 1.1.0 6.00 44.00 50.00 OK
r-oldrel-osx-x86_64 1.1.0 OK

Check Details

Version: 1.1.0
Check: package dependencies
Result: NOTE
    Package suggested but not available for checking: ‘devtools’
Flavor: r-release-osx-x86_64