Last updated on 2017-07-31 01:47:10.
Flavor | Version | Tinstall | Tcheck | Ttotal | Status | Flags |
---|---|---|---|---|---|---|
r-devel-linux-x86_64-debian-clang | 0.7.4 | 5.22 | 67.18 | 72.40 | NOTE | |
r-devel-linux-x86_64-debian-gcc | 0.7.4 | 4.78 | 55.03 | 59.82 | NOTE | |
r-devel-linux-x86_64-fedora-clang | 0.7.4 | 131.68 | NOTE | |||
r-devel-linux-x86_64-fedora-gcc | 0.7.4 | 128.54 | NOTE | |||
r-devel-windows-ix86+x86_64 | 0.6.1 | ERROR | ||||
r-patched-linux-x86_64 | 0.7.4 | 4.93 | 66.96 | 71.89 | NOTE | |
r-patched-solaris-x86 | 0.7.4 | 164.10 | NOTE | |||
r-release-linux-x86_64 | 0.7.4 | 5.09 | 67.87 | 72.96 | NOTE | |
r-release-windows-ix86+x86_64 | 0.6.1 | 1.00 | 4.00 | 5.00 | ERROR | |
r-release-osx-x86_64 | 0.7.4 | NOTE | ||||
r-oldrel-windows-ix86+x86_64 | 0.6.1 | 1.00 | 4.00 | 5.00 | ERROR | |
r-oldrel-osx-x86_64 | 0.7.4 | NOTE |
Version: 0.7.4
Check: package dependencies
Result: NOTE
Packages suggested but not available for checking:
‘polmineR.Rcpp’ ‘europarl.en’
Flavors: r-devel-linux-x86_64-debian-clang, r-devel-linux-x86_64-debian-gcc, r-devel-linux-x86_64-fedora-clang, r-devel-linux-x86_64-fedora-gcc, r-patched-linux-x86_64, r-patched-solaris-x86, r-release-linux-x86_64
Version: 0.6.1
Check: package dependencies
Result: ERROR
Package required but not available: 'rcqp'
Package suggested but not available for checking: 'polmineR.sampleCorpus'
See section 'The DESCRIPTION file' in the 'Writing R Extensions'
manual.
Flavors: r-devel-windows-ix86+x86_64, r-release-windows-ix86+x86_64, r-oldrel-windows-ix86+x86_64
Version: 0.7.4
Check: package dependencies
Result: NOTE
Packages suggested but not available for checking:
‘polmineR.Rcpp’ ‘europarl.en’ ‘rcqp’
Flavors: r-release-osx-x86_64, r-oldrel-osx-x86_64