CRAN Package Check Results for Package polspline

Last updated on 2017-07-31 01:47:10.

Flavor Version Tinstall Tcheck Ttotal Status Flags
r-devel-linux-x86_64-debian-clang 1.1.12 22.23 81.82 104.05 NOTE
r-devel-linux-x86_64-debian-gcc 1.1.12 23.40 71.66 95.05 NOTE
r-devel-linux-x86_64-fedora-clang 1.1.12 166.12 NOTE
r-devel-linux-x86_64-fedora-gcc 1.1.12 127.53 NOTE
r-devel-windows-ix86+x86_64 1.1.12 69.00 143.00 212.00 OK
r-patched-linux-x86_64 1.1.12 20.71 80.98 101.69 NOTE
r-patched-solaris-x86 1.1.12 173.30 OK
r-release-linux-x86_64 1.1.12 20.88 80.27 101.15 NOTE
r-release-windows-ix86+x86_64 1.1.12 47.00 124.00 171.00 OK
r-release-osx-x86_64 1.1.12 OK
r-oldrel-windows-ix86+x86_64 1.1.12 89.00 120.00 209.00 OK
r-oldrel-osx-x86_64 1.1.12 OK

Additional issues

valgrind

Check Details

Version: 1.1.12
Check: compiled code
Result: NOTE
    File ‘polspline/libs/polspline.so’:
     Found no calls to: ‘R_registerRoutines’, ‘R_useDynamicSymbols’
    
    It is good practice to register native routines and to disable symbol
    search.
    
    See ‘Writing portable packages’ in the ‘Writing R Extensions’ manual.
Flavors: r-devel-linux-x86_64-debian-clang, r-devel-linux-x86_64-debian-gcc, r-devel-linux-x86_64-fedora-clang, r-devel-linux-x86_64-fedora-gcc, r-patched-linux-x86_64, r-release-linux-x86_64