Last updated on 2017-07-31 01:47:18.
Flavor | Version | Tinstall | Tcheck | Ttotal | Status | Flags |
---|---|---|---|---|---|---|
r-devel-linux-x86_64-debian-clang | 1.9 | 5.46 | 65.97 | 71.43 | NOTE | |
r-devel-linux-x86_64-debian-gcc | 1.9 | 4.94 | 58.28 | 63.22 | NOTE | |
r-devel-linux-x86_64-fedora-clang | 1.9 | 133.34 | NOTE | |||
r-devel-linux-x86_64-fedora-gcc | 1.9 | 131.47 | NOTE | |||
r-devel-windows-ix86+x86_64 | 1.9 | 17.00 | 114.00 | 131.00 | NOTE | |
r-patched-linux-x86_64 | 1.9 | 4.94 | 65.98 | 70.92 | NOTE | |
r-patched-solaris-x86 | 1.9 | 165.60 | NOTE | |||
r-release-linux-x86_64 | 1.9 | 4.91 | 65.34 | 70.25 | NOTE | |
r-release-windows-ix86+x86_64 | 1.9 | 13.00 | 132.00 | 145.00 | NOTE | |
r-release-osx-x86_64 | 1.9 | ERROR | ||||
r-oldrel-windows-ix86+x86_64 | 1.9 | 19.00 | 101.00 | 120.00 | NOTE | |
r-oldrel-osx-x86_64 | 1.9 | NOTE |
Version: 1.9
Check: package dependencies
Result: NOTE
Packages which this enhances but not available for checking:
‘org.Ag.eg.db’ ‘org.Pt.eg.db’ ‘org.Rn.eg.db’ ‘org.Ss.eg.db’
‘org.Bt.eg.db’ ‘org.Ce.eg.db’ ‘org.Cf.eg.db’ ‘org.Dm.eg.db’
‘org.Dr.eg.db’ ‘org.EcK12.eg.db’ ‘org.EcSakai.eg.db’ ‘org.Gg.eg.db’
‘org.Mmu.eg.db’ ‘org.Pf.plasmo.db’ ‘org.Xl.eg.db’
Flavors: r-devel-linux-x86_64-debian-clang, r-devel-linux-x86_64-debian-gcc, r-patched-linux-x86_64, r-release-linux-x86_64
Version: 1.9
Check: R code for possible problems
Result: NOTE
ComputeAllEvidences: possible error in
geneSim(as.character(Sims[[1]][i]), as.character(Sims[[2]][i]), ont =
"BP", organism = wh_organism, measure = "Wang", drop <- dropcodes):
unused arguments (ont = "BP", organism = wh_organism)
ComputeAllEvidences: possible error in
geneSim(as.character(Sims[[1]][i]), as.character(Sims[[2]][i]), ont =
"MF", organism = wh_organism, measure = "Wang", drop <- dropcodes):
unused arguments (ont = "MF", organism = wh_organism)
ComputeAllEvidences: possible error in
geneSim(as.character(Sims[[1]][i]), as.character(Sims[[2]][i]), ont =
"CC", organism = wh_organism, measure = "Wang", drop <- dropcodes):
unused arguments (ont = "CC", organism = wh_organism)
Flavors: r-devel-linux-x86_64-debian-clang, r-devel-linux-x86_64-debian-gcc, r-devel-linux-x86_64-fedora-clang, r-devel-linux-x86_64-fedora-gcc, r-devel-windows-ix86+x86_64, r-patched-linux-x86_64, r-patched-solaris-x86, r-release-linux-x86_64, r-release-windows-ix86+x86_64, r-oldrel-windows-ix86+x86_64
Version: 1.9
Check: package dependencies
Result: NOTE
Packages which this enhances but not available for checking:
'org.Ag.eg.db' 'org.Pt.eg.db' 'org.Rn.eg.db' 'org.Ss.eg.db'
'org.Bt.eg.db' 'org.Ce.eg.db' 'org.Cf.eg.db' 'org.Dr.eg.db'
'org.EcK12.eg.db' 'org.EcSakai.eg.db' 'org.Gg.eg.db' 'org.Mmu.eg.db'
'org.Pf.plasmo.db' 'org.Xl.eg.db'
Flavors: r-devel-windows-ix86+x86_64, r-release-windows-ix86+x86_64
Version: 1.9
Check: package dependencies
Result: NOTE
Packages which this enhances but not available for checking:
‘org.Ag.eg.db’ ‘org.Pt.eg.db’ ‘org.Rn.eg.db’ ‘org.Ss.eg.db’
‘org.Bt.eg.db’ ‘org.Ce.eg.db’ ‘org.Cf.eg.db’ ‘org.Dm.eg.db’
‘org.Dr.eg.db’ ‘org.EcSakai.eg.db’ ‘org.Gg.eg.db’ ‘org.Mmu.eg.db’
‘org.Pf.plasmo.db’ ‘org.Xl.eg.db’
Flavor: r-patched-solaris-x86
Version: 1.9
Check: package dependencies
Result: ERROR
Packages required but not available: ‘AnnotationDbi’ ‘GOSemSim’ ‘GO.db’
Packages which this enhances but not available for checking:
‘KEGG.db’ ‘org.Hs.eg.db’ ‘org.Sc.sgd.db’ ‘org.Ag.eg.db’
‘org.Pt.eg.db’ ‘org.Rn.eg.db’ ‘org.Ss.eg.db’ ‘org.At.tair.db’
‘org.Bt.eg.db’ ‘org.Ce.eg.db’ ‘org.Cf.eg.db’ ‘org.Dm.eg.db’
‘org.Dr.eg.db’ ‘org.EcK12.eg.db’ ‘org.EcSakai.eg.db’ ‘org.Gg.eg.db’
‘org.Mm.eg.db’ ‘org.Mmu.eg.db’ ‘org.Pf.plasmo.db’ ‘org.Xl.eg.db’
See section ‘The DESCRIPTION file’ in the ‘Writing R Extensions’
manual.
Flavor: r-release-osx-x86_64
Version: 1.9
Check: package dependencies
Result: NOTE
Packages which this enhances but not available for checking:
'org.Ag.eg.db' 'org.Pt.eg.db' 'org.Ss.eg.db' 'org.Bt.eg.db'
'org.Ce.eg.db' 'org.Cf.eg.db' 'org.Dr.eg.db' 'org.EcK12.eg.db'
'org.EcSakai.eg.db' 'org.Gg.eg.db' 'org.Mmu.eg.db' 'org.Pf.plasmo.db'
'org.Xl.eg.db'
Flavor: r-oldrel-windows-ix86+x86_64
Version: 1.9
Check: package dependencies
Result: NOTE
Packages which this enhances but not available for checking:
‘KEGG.db’ ‘org.Sc.sgd.db’ ‘org.Ag.eg.db’ ‘org.Pt.eg.db’
‘org.Rn.eg.db’ ‘org.Ss.eg.db’ ‘org.At.tair.db’ ‘org.Bt.eg.db’
‘org.Ce.eg.db’ ‘org.Cf.eg.db’ ‘org.Dm.eg.db’ ‘org.Dr.eg.db’
‘org.EcK12.eg.db’ ‘org.EcSakai.eg.db’ ‘org.Gg.eg.db’ ‘org.Mm.eg.db’
‘org.Mmu.eg.db’ ‘org.Pf.plasmo.db’ ‘org.Xl.eg.db’
Flavor: r-oldrel-osx-x86_64