CRAN Package Check Results for Package prcbench

Last updated on 2017-07-31 01:47:19.

Flavor Version Tinstall Tcheck Ttotal Status Flags
r-devel-linux-x86_64-debian-clang 0.7.3 1.44 135.31 136.76 OK
r-devel-linux-x86_64-debian-gcc 0.7.3 1.63 129.07 130.70 OK
r-devel-linux-x86_64-fedora-clang 0.7.3 236.89 OK
r-devel-linux-x86_64-fedora-gcc 0.7.3 232.87 OK
r-devel-windows-ix86+x86_64 0.7.3 9.00 322.00 331.00 OK
r-patched-linux-x86_64 0.7.3 1.58 140.27 141.84 OK
r-patched-solaris-x86 0.7.3 285.10 NOTE
r-release-linux-x86_64 0.7.3 1.69 143.20 144.90 OK
r-release-windows-ix86+x86_64 0.7.3 11.00 337.00 348.00 OK
r-release-osx-x86_64 0.7.3 NOTE
r-oldrel-windows-ix86+x86_64 0.7.3 8.00 274.00 282.00 OK
r-oldrel-osx-x86_64 0.7.3 OK

Check Details

Version: 0.7.3
Check: package dependencies
Result: NOTE
    Package suggested but not available for checking: ‘microbenchmark’
Flavor: r-patched-solaris-x86

Version: 0.7.3
Check: Rd cross-references
Result: NOTE
    Package unavailable to check Rd xrefs: ‘microbenchmark’
Flavor: r-patched-solaris-x86

Version: 0.7.3
Check: package dependencies
Result: NOTE
    Package suggested but not available for checking: ‘PerfMeas’
Flavor: r-release-osx-x86_64