CRAN Package Check Results for Package profvis

Last updated on 2017-07-31 01:47:19.

Flavor Version Tinstall Tcheck Ttotal Status Flags
r-devel-linux-x86_64-debian-clang 0.3.3 1.01 23.90 24.91 OK
r-devel-linux-x86_64-debian-gcc 0.3.3 1.02 17.65 18.67 OK
r-devel-linux-x86_64-fedora-clang 0.3.3 29.18 OK
r-devel-linux-x86_64-fedora-gcc 0.3.3 28.40 OK
r-devel-windows-ix86+x86_64 0.3.3 5.00 68.00 73.00 OK
r-patched-linux-x86_64 0.3.3 0.94 23.48 24.43 OK
r-patched-solaris-x86 0.3.3 44.00 OK
r-release-linux-x86_64 0.3.3 0.92 24.04 24.96 OK
r-release-windows-ix86+x86_64 0.3.3 4.00 48.00 52.00 OK
r-release-osx-x86_64 0.3.3 NOTE
r-oldrel-windows-ix86+x86_64 0.3.3 5.00 33.00 38.00 OK
r-oldrel-osx-x86_64 0.3.3 OK

Check Details

Version: 0.3.3
Check: package dependencies
Result: NOTE
    Package suggested but not available for checking: ‘devtools’
Flavor: r-release-osx-x86_64