Last updated on 2017-07-31 01:47:19.
Flavor | Version | Tinstall | Tcheck | Ttotal | Status | Flags |
---|---|---|---|---|---|---|
r-devel-linux-x86_64-debian-clang | 0.2.2.2 | 2.06 | 25.38 | 27.44 | OK | |
r-devel-linux-x86_64-debian-gcc | 0.2.2.2 | 1.86 | 17.34 | 19.21 | OK | |
r-devel-linux-x86_64-fedora-clang | 0.2.2.2 | 33.09 | NOTE | |||
r-devel-linux-x86_64-fedora-gcc | 0.2.2.2 | 32.53 | NOTE | |||
r-devel-windows-ix86+x86_64 | 0.2.2.2 | 13.00 | 65.00 | 78.00 | OK | |
r-patched-linux-x86_64 | 0.2.2.2 | 2.08 | 25.20 | 27.28 | OK | |
r-patched-solaris-x86 | 0.2.2.2 | 44.10 | NOTE | |||
r-release-linux-x86_64 | 0.2.2.2 | 2.12 | 25.16 | 27.28 | OK | |
r-release-windows-ix86+x86_64 | 0.2.2.2 | 10.00 | 55.00 | 65.00 | OK | |
r-release-osx-x86_64 | 0.2.2.2 | NOTE | ||||
r-oldrel-windows-ix86+x86_64 | 0.2.2.2 | 16.00 | 42.00 | 58.00 | OK | |
r-oldrel-osx-x86_64 | 0.2.2.2 | NOTE |
Version: 0.2.2.2
Check: dependencies in R code
Result: NOTE
Namespace in Imports field not imported from: ‘Rcpp’
All declared Imports should be used.
Flavors: r-devel-linux-x86_64-fedora-clang, r-devel-linux-x86_64-fedora-gcc, r-patched-solaris-x86, r-release-osx-x86_64, r-oldrel-osx-x86_64