Last updated on 2017-07-31 01:47:20.
Flavor | Version | Tinstall | Tcheck | Ttotal | Status | Flags |
---|---|---|---|---|---|---|
r-devel-linux-x86_64-debian-clang | 0.4.1 | 17.37 | 31.20 | 48.57 | NOTE | |
r-devel-linux-x86_64-debian-gcc | 0.4.1 | 19.27 | 24.58 | 43.85 | NOTE | |
r-devel-linux-x86_64-fedora-clang | 0.4.1 | 86.89 | NOTE | |||
r-devel-linux-x86_64-fedora-gcc | 0.4.1 | 87.00 | NOTE | |||
r-devel-windows-ix86+x86_64 | 0.4.1 | 81.00 | 76.00 | 157.00 | NOTE | |
r-patched-linux-x86_64 | 0.4.1 | 18.61 | 30.81 | 49.42 | NOTE | |
r-patched-solaris-x86 | 0.4.1 | 97.20 | WARN | |||
r-release-linux-x86_64 | 0.4.1 | 18.59 | 31.75 | 50.34 | NOTE | |
r-release-windows-ix86+x86_64 | 0.4.1 | 63.00 | 90.00 | 153.00 | NOTE | |
r-release-osx-x86_64 | 0.4.1 | WARN | ||||
r-oldrel-windows-ix86+x86_64 | 0.4.1 | 73.00 | 54.00 | 127.00 | NOTE | |
r-oldrel-osx-x86_64 | 0.4.1 | WARN |
Version: 0.4.1
Check: for GNU extensions in Makefiles
Result: NOTE
GNU make is a SystemRequirements.
Flavors: r-devel-linux-x86_64-debian-clang, r-devel-linux-x86_64-debian-gcc, r-devel-linux-x86_64-fedora-clang, r-devel-linux-x86_64-fedora-gcc, r-devel-windows-ix86+x86_64, r-patched-linux-x86_64, r-patched-solaris-x86, r-release-linux-x86_64, r-release-windows-ix86+x86_64, r-release-osx-x86_64, r-oldrel-windows-ix86+x86_64, r-oldrel-osx-x86_64
Version: 0.4.1
Check: re-building of vignette outputs
Result: WARN
Error in re-building vignettes:
...
Warning in engine$weave(file, quiet = quiet, encoding = enc) :
Pandoc (>= 1.12.3) and/or pandoc-citeproc not available. Falling back to R Markdown v1.
Quitting from lines 84-118 (introduction.Rmd)
Error: processing vignette 'introduction.Rmd' failed with diagnostics:
cannot open the connection
Execution halted
Flavors: r-patched-solaris-x86, r-release-osx-x86_64, r-oldrel-osx-x86_64