Last updated on 2017-07-31 01:47:20.
Flavor | Version | Tinstall | Tcheck | Ttotal | Status | Flags |
---|---|---|---|---|---|---|
r-devel-linux-x86_64-debian-clang | 0.9.9-65 | 147.79 | 216.54 | 364.33 | OK | |
r-devel-linux-x86_64-debian-gcc | 0.9.9-65 | 170.97 | 199.39 | 370.36 | OK | |
r-devel-linux-x86_64-fedora-clang | 0.9.9-65 | 782.43 | NOTE | |||
r-devel-linux-x86_64-fedora-gcc | 0.9.9-65 | 792.55 | NOTE | |||
r-devel-windows-ix86+x86_64 | 0.9.9-65 | 599.00 | 544.00 | 1143.00 | NOTE | |
r-patched-linux-x86_64 | 0.9.9-65 | 169.38 | 204.91 | 374.28 | OK | |
r-patched-solaris-x86 | 0.9.9-65 | 967.00 | NOTE | |||
r-release-linux-x86_64 | 0.9.9-65 | 169.86 | 209.31 | 379.17 | OK | |
r-release-windows-ix86+x86_64 | 0.9.9-65 | 464.00 | 616.00 | 1080.00 | NOTE | |
r-release-osx-x86_64 | 0.9.9-65 | NOTE | ||||
r-oldrel-windows-ix86+x86_64 | 0.9.9-65 | 591.00 | 497.00 | 1088.00 | NOTE | |
r-oldrel-osx-x86_64 | 0.9.9-65 | NOTE |
Version: 0.9.9-65
Check: installed package size
Result: NOTE
installed size is 15.3Mb
sub-directories of 1Mb or more:
data 1.2Mb
libs 12.5Mb
Flavors: r-devel-linux-x86_64-fedora-clang, r-devel-linux-x86_64-fedora-gcc, r-devel-windows-ix86+x86_64, r-release-windows-ix86+x86_64, r-release-osx-x86_64, r-oldrel-windows-ix86+x86_64, r-oldrel-osx-x86_64
Version: 0.9.9-65
Check: data for non-ASCII characters
Result: NOTE
Note: found 1415 marked UTF-8 strings
Flavors: r-devel-linux-x86_64-fedora-clang, r-devel-linux-x86_64-fedora-gcc, r-patched-solaris-x86, r-release-osx-x86_64, r-oldrel-osx-x86_64