CRAN Package Check Results for Package quickReg

Last updated on 2017-07-31 01:47:20.

Flavor Version Tinstall Tcheck Ttotal Status Flags
r-devel-linux-x86_64-debian-clang 1.0.0 1.13 40.31 41.44 NOTE
r-devel-linux-x86_64-debian-gcc 1.0.0 1.12 33.44 34.56 NOTE
r-devel-linux-x86_64-fedora-clang 1.0.0 69.86 NOTE
r-devel-linux-x86_64-fedora-gcc 1.0.0 69.27 NOTE
r-devel-windows-ix86+x86_64 1.0.0 6.00 70.00 76.00 NOTE
r-patched-linux-x86_64 1.0.0 1.23 40.01 41.24 NOTE
r-patched-solaris-x86 1.0.0 90.00 NOTE
r-release-linux-x86_64 1.0.0 1.21 40.71 41.91 NOTE
r-release-windows-ix86+x86_64 1.0.0 5.00 83.00 88.00 NOTE
r-release-osx-x86_64 1.0.0 NOTE
r-oldrel-windows-ix86+x86_64 1.0.0 5.00 56.00 61.00 OK
r-oldrel-osx-x86_64 1.0.0 OK

Check Details

Version: 1.0.0
Check: DESCRIPTION meta-information
Result: NOTE
    BugReports field is not a suitable URL but contains an email address
     which will be used as from R 3.4.0
Flavors: r-devel-linux-x86_64-debian-clang, r-devel-linux-x86_64-debian-gcc, r-devel-linux-x86_64-fedora-clang, r-devel-linux-x86_64-fedora-gcc, r-devel-windows-ix86+x86_64, r-patched-linux-x86_64, r-patched-solaris-x86, r-release-linux-x86_64, r-release-windows-ix86+x86_64, r-release-osx-x86_64