CRAN Package Check Results for Package rattle

Last updated on 2017-07-31 01:47:20.

Flavor Version Tinstall Tcheck Ttotal Status Flags
r-devel-linux-x86_64-debian-clang 4.1.0 3.29 65.39 68.68 OK
r-devel-linux-x86_64-debian-gcc 4.1.0 3.20 52.68 55.88 OK
r-devel-linux-x86_64-fedora-clang 4.1.0 103.67 NOTE
r-devel-linux-x86_64-fedora-gcc 4.1.0 100.35 NOTE
r-devel-windows-ix86+x86_64 4.1.0 13.00 98.00 111.00 NOTE
r-patched-linux-x86_64 4.1.0 3.39 66.14 69.53 OK
r-patched-solaris-x86 4.1.0 130.90 NOTE
r-release-linux-x86_64 4.1.0 3.38 66.74 70.12 OK
r-release-windows-ix86+x86_64 4.1.0 9.00 117.00 126.00 NOTE
r-release-osx-x86_64 4.1.0 ERROR
r-oldrel-windows-ix86+x86_64 4.1.0 11.00 87.00 98.00 NOTE
r-oldrel-osx-x86_64 4.1.0 WARN

Check Details

Version: 4.1.0
Check: installed package size
Result: NOTE
     installed size is 6.9Mb
     sub-directories of 1Mb or more:
     data 2.5Mb
     etc 1.9Mb
     po 1.2Mb
Flavors: r-devel-linux-x86_64-fedora-clang, r-devel-linux-x86_64-fedora-gcc, r-devel-windows-ix86+x86_64, r-patched-solaris-x86, r-release-windows-ix86+x86_64, r-oldrel-windows-ix86+x86_64, r-oldrel-osx-x86_64

Version: 4.1.0
Check: package dependencies
Result: NOTE
    Package suggested but not available for checking: ‘rggobi’
Flavor: r-patched-solaris-x86

Version: 4.1.0
Check: package dependencies
Result: ERROR
    Package required but not available: ‘RGtk2’
    
    Packages suggested but not available for checking:
     ‘cairoDevice’ ‘graph’ ‘gWidgetsRGtk2’ ‘playwith’ ‘RBGL’ ‘rggobi’
     ‘RGtk2Extras’ ‘pkgDepTools’ ‘Rgraphviz’
    
    See section ‘The DESCRIPTION file’ in the ‘Writing R Extensions’
    manual.
Flavor: r-release-osx-x86_64

Version: 4.1.0
Check: package dependencies
Result: NOTE
    Packages suggested but not available for checking: ‘rggobi’ ‘RODBC’
Flavor: r-oldrel-osx-x86_64

Version: 4.1.0
Check: dependencies in R code
Result: NOTE
    Invalid MIT-MAGIC-COOKIE-1 key
    (R:2730): Gtk-WARNING **: gtk_disable_setlocale() must be called before gtk_init()
    Invalid MIT-MAGIC-COOKIE-1 key
Flavor: r-oldrel-osx-x86_64

Version: 4.1.0
Check: S3 generic/method consistency
Result: WARN
    Invalid MIT-MAGIC-COOKIE-1 key
    See section ‘Generic functions and methods’ in the ‘Writing R
    Extensions’ manual.
Flavor: r-oldrel-osx-x86_64

Version: 4.1.0
Check: replacement functions
Result: WARN
    Invalid MIT-MAGIC-COOKIE-1 key
    The argument of a replacement function which corresponds to the right
    hand side must be named ‘value’.
Flavor: r-oldrel-osx-x86_64

Version: 4.1.0
Check: foreign function calls
Result: NOTE
    Invalid MIT-MAGIC-COOKIE-1 key
    See chapter ‘System and foreign language interfaces’ in the ‘Writing R
    Extensions’ manual.
Flavor: r-oldrel-osx-x86_64

Version: 4.1.0
Check: R code for possible problems
Result: NOTE
    Invalid MIT-MAGIC-COOKIE-1 key
Flavor: r-oldrel-osx-x86_64

Version: 4.1.0
Check: for missing documentation entries
Result: WARN
    Invalid MIT-MAGIC-COOKIE-1 key
    All user-level objects in a package should have documentation entries.
    See chapter ‘Writing R documentation files’ in the ‘Writing R
    Extensions’ manual.
Flavor: r-oldrel-osx-x86_64

Version: 4.1.0
Check: for code/documentation mismatches
Result: WARN
    Invalid MIT-MAGIC-COOKIE-1 key
    Invalid MIT-MAGIC-COOKIE-1 key
    Invalid MIT-MAGIC-COOKIE-1 key
Flavor: r-oldrel-osx-x86_64

Version: 4.1.0
Check: Rd \usage sections
Result: NOTE
    Invalid MIT-MAGIC-COOKIE-1 key
    The \usage entries for S3 methods should use the \method markup and not
    their full name.
    See chapter ‘Writing R documentation files’ in the ‘Writing R
    Extensions’ manual.
Flavor: r-oldrel-osx-x86_64