Last updated on 2017-07-31 01:47:20.
Flavor | Version | Tinstall | Tcheck | Ttotal | Status | Flags |
---|---|---|---|---|---|---|
r-devel-linux-x86_64-debian-clang | 0.1.4 | 1.25 | 21.09 | 22.33 | OK | |
r-devel-linux-x86_64-debian-gcc | 0.1.4 | 1.22 | 14.37 | 15.58 | OK | |
r-devel-linux-x86_64-fedora-clang | 0.1.4 | 27.39 | OK | |||
r-devel-linux-x86_64-fedora-gcc | 0.1.4 | 26.68 | OK | |||
r-devel-windows-ix86+x86_64 | 0.1.4 | 6.00 | 35.00 | 41.00 | OK | |
r-patched-linux-x86_64 | 0.1.4 | 1.33 | 20.33 | 21.66 | OK | |
r-patched-solaris-x86 | 0.1.4 | 37.70 | OK | |||
r-release-linux-x86_64 | 0.1.4 | 1.31 | 21.08 | 22.39 | OK | |
r-release-windows-ix86+x86_64 | 0.1.4 | 3.00 | 47.00 | 50.00 | OK | |
r-release-osx-x86_64 | 0.1.4 | NOTE | ||||
r-oldrel-windows-ix86+x86_64 | 0.1.4 | 5.00 | 31.00 | 36.00 | OK | |
r-oldrel-osx-x86_64 | 0.1.4 | OK |
Version: 0.1.4
Check: package dependencies
Result: NOTE
Package suggested but not available for checking: ‘devtools’
Flavor: r-release-osx-x86_64