CRAN Package Check Results for Package rcompanion

Last updated on 2017-07-31 01:47:21.

Flavor Version Tinstall Tcheck Ttotal Status Flags
r-devel-linux-x86_64-debian-clang 1.9.1 4.94 91.85 96.79 OK
r-devel-linux-x86_64-debian-gcc 1.9.1 5.40 79.81 85.22 OK
r-devel-linux-x86_64-fedora-clang 1.9.1 182.59 NOTE
r-devel-linux-x86_64-fedora-gcc 1.9.1 181.53 NOTE
r-devel-windows-ix86+x86_64 1.9.1 24.00 152.00 176.00 OK
r-patched-linux-x86_64 1.9.1 5.02 92.59 97.61 OK
r-patched-solaris-x86 1.9.1 234.30 NOTE
r-release-linux-x86_64 1.9.1 5.69 93.51 99.20 OK
r-release-windows-ix86+x86_64 1.9.1 36.00 194.00 230.00 OK
r-release-osx-x86_64 1.9.1 NOTE
r-oldrel-windows-ix86+x86_64 1.9.1 17.00 131.00 148.00 OK
r-oldrel-osx-x86_64 1.9.1 NOTE

Check Details

Version: 1.9.1
Check: dependencies in R code
Result: NOTE
    Namespace in Imports field not imported from: ‘FSA’
     All declared Imports should be used.
Flavors: r-devel-linux-x86_64-fedora-clang, r-devel-linux-x86_64-fedora-gcc, r-patched-solaris-x86, r-release-osx-x86_64, r-oldrel-osx-x86_64