Last updated on 2017-07-31 01:47:22.
Flavor | Version | Tinstall | Tcheck | Ttotal | Status | Flags |
---|---|---|---|---|---|---|
r-devel-linux-x86_64-debian-clang | 0.1.0 | 2.41 | 33.94 | 36.35 | NOTE | |
r-devel-linux-x86_64-debian-gcc | 0.1.0 | 2.39 | 27.65 | 30.04 | NOTE | |
r-devel-linux-x86_64-fedora-clang | 0.1.0 | 58.14 | NOTE | |||
r-devel-linux-x86_64-fedora-gcc | 0.1.0 | 57.58 | NOTE | |||
r-devel-windows-ix86+x86_64 | 0.1.0 | 11.00 | 90.00 | 101.00 | NOTE | |
r-patched-linux-x86_64 | 0.1.0 | 2.50 | 34.12 | 36.62 | NOTE | |
r-patched-solaris-x86 | 0.1.0 | 87.00 | NOTE | |||
r-release-linux-x86_64 | 0.1.0 | 2.76 | 34.68 | 37.43 | NOTE | |
r-release-windows-ix86+x86_64 | 0.1.0 | 7.00 | 72.00 | 79.00 | NOTE | |
r-release-osx-x86_64 | 0.1.0 | ERROR | ||||
r-oldrel-windows-ix86+x86_64 | 0.1.0 | 13.00 | 51.00 | 64.00 | NOTE | |
r-oldrel-osx-x86_64 | 0.1.0 | ERROR |
Version: 0.1.0
Check: DESCRIPTION meta-information
Result: NOTE
Malformed Title field: should not end in a period.
Flavors: r-devel-linux-x86_64-debian-clang, r-devel-linux-x86_64-debian-gcc, r-devel-linux-x86_64-fedora-clang, r-devel-linux-x86_64-fedora-gcc, r-devel-windows-ix86+x86_64, r-patched-linux-x86_64, r-patched-solaris-x86, r-release-linux-x86_64, r-release-windows-ix86+x86_64, r-oldrel-windows-ix86+x86_64
Version: 0.1.0
Check: top-level files
Result: NOTE
Non-standard file/directory found at top level:
‘load.r’
Flavors: r-devel-linux-x86_64-debian-clang, r-devel-linux-x86_64-debian-gcc, r-devel-linux-x86_64-fedora-clang, r-devel-linux-x86_64-fedora-gcc, r-patched-linux-x86_64, r-release-linux-x86_64
Version: 0.1.0
Check: dependencies in R code
Result: NOTE
Packages in Depends field not imported from:
‘gWidgets’ ‘gWidgetsRGtk2’ ‘plyr’ ‘reshape2’
These packages need to be imported from (in the NAMESPACE file)
for when this namespace is loaded but not attached.
Flavors: r-devel-linux-x86_64-debian-clang, r-devel-linux-x86_64-debian-gcc, r-devel-linux-x86_64-fedora-clang, r-devel-linux-x86_64-fedora-gcc, r-devel-windows-ix86+x86_64, r-patched-linux-x86_64, r-patched-solaris-x86, r-release-linux-x86_64, r-release-windows-ix86+x86_64, r-oldrel-windows-ix86+x86_64
Version: 0.1.0
Check: R code for possible problems
Result: NOTE
reshapeGUI: no visible global function definition for ‘gwindow’
reshapeGUI: no visible global function definition for ‘gnotebook’
reshapeGUI: no visible global function definition for ‘size<-’
reshapeGUI: no visible global function definition for ‘ggroup’
reshapeGUI: no visible global function definition for ‘gtable’
reshapeGUI: no visible global function definition for ‘addSpring’
reshapeGUI: no visible global function definition for ‘gbutton’
reshapeGUI: no visible global function definition for ‘glabel’
reshapeGUI: no visible global function definition for ‘gedit’
reshapeGUI: no visible global function definition for ‘gcheckbox’
reshapeGUI: no visible global function definition for ‘gdf’
reshapeGUI: no visible global function definition for ‘visible<-’
reshapeGUI: no visible global function definition for
‘addHandlerClicked’
reshapeGUI : <anonymous>: no visible global function definition for
‘gmessage’
reshapeGUI : <anonymous>: no visible global function definition for
‘svalue’
reshapeGUI : <anonymous>: no visible global function definition for
‘svalue<-’
reshapeGUI : <anonymous>: no visible global function definition for
‘delete’
reshapeGUI : <anonymous>: no visible global function definition for
‘add’
reshapeGUI : <anonymous>: no visible global function definition for
‘gdf’
reshapeGUI : <anonymous>: no visible global function definition for
‘visible<-’
reshapeGUI: no visible global function definition for
‘addHandlerChanged’
updateMeltCodeBox: no visible global function definition for ‘svalue<-’
Undefined global functions or variables:
add addHandlerChanged addHandlerClicked addSpring delete gbutton
gcheckbox gdf gedit ggroup glabel gmessage gnotebook gtable gwindow
size<- svalue svalue<- visible<-
Flavors: r-devel-linux-x86_64-debian-clang, r-devel-linux-x86_64-debian-gcc, r-devel-linux-x86_64-fedora-clang, r-devel-linux-x86_64-fedora-gcc, r-devel-windows-ix86+x86_64, r-patched-linux-x86_64, r-patched-solaris-x86, r-release-linux-x86_64, r-release-windows-ix86+x86_64, r-oldrel-windows-ix86+x86_64
Version: 0.1.0
Check: package dependencies
Result: ERROR
Package required but not available: ‘gWidgetsRGtk2’
See section ‘The DESCRIPTION file’ in the ‘Writing R Extensions’
manual.
Flavor: r-release-osx-x86_64
Version: 0.1.0
Check: whether package can be installed
Result: ERROR
Installation failed.
Flavor: r-oldrel-osx-x86_64