Last updated on 2017-07-31 01:47:22.
Flavor | Version | Tinstall | Tcheck | Ttotal | Status | Flags |
---|---|---|---|---|---|---|
r-devel-linux-x86_64-debian-clang | 5.7-12.4 | 7.35 | 31.21 | 38.57 | NOTE | |
r-devel-linux-x86_64-debian-gcc | 5.7-12.4 | 4.73 | 27.94 | 32.67 | NOTE | |
r-devel-linux-x86_64-fedora-clang | 5.7-12.4 | 58.99 | NOTE | |||
r-devel-linux-x86_64-fedora-gcc | 5.7-12.4 | 57.38 | NOTE | |||
r-devel-windows-ix86+x86_64 | 5.7-12.4 | 40.00 | 110.00 | 150.00 | NOTE | |
r-patched-linux-x86_64 | 5.7-12.4 | 4.70 | 34.20 | 38.90 | NOTE | |
r-patched-solaris-x86 | 5.7-12.4 | 75.90 | NOTE | |||
r-release-linux-x86_64 | 5.7-12.4 | 4.66 | 34.46 | 39.13 | NOTE | |
r-release-windows-ix86+x86_64 | 5.7-12.4 | 25.00 | 79.00 | 104.00 | NOTE | |
r-release-osx-x86_64 | 5.7-12.4 | NOTE | ||||
r-oldrel-windows-ix86+x86_64 | 5.7-12.4 | 20.00 | 82.00 | 102.00 | NOTE | |
r-oldrel-osx-x86_64 | 5.7-12.4 | NOTE |
Version: 5.7-12.4
Check: R code for possible problems
Result: NOTE
genoud: multiple local function definitions for ‘fn1.bfgs’ with
different formal arguments
genoud: multiple local function definitions for ‘gr1’ with different
formal arguments
genoud: multiple local function definitions for ‘hess.fn’ with
different formal arguments
genoud_transform: multiple local function definitions for ‘fn1.bfgs’
with different formal arguments
genoud_transform: multiple local function definitions for ‘gr1’ with
different formal arguments
Flavors: r-devel-linux-x86_64-debian-clang, r-devel-linux-x86_64-debian-gcc, r-devel-linux-x86_64-fedora-clang, r-devel-linux-x86_64-fedora-gcc, r-devel-windows-ix86+x86_64, r-patched-linux-x86_64, r-patched-solaris-x86, r-release-linux-x86_64, r-release-windows-ix86+x86_64, r-release-osx-x86_64, r-oldrel-windows-ix86+x86_64, r-oldrel-osx-x86_64
Version: 5.7-12.4
Check: compiled code
Result: NOTE
File ‘rgenoud/libs/rgenoud.so’:
Found no calls to: ‘R_registerRoutines’, ‘R_useDynamicSymbols’
It is good practice to register native routines and to disable symbol
search.
See ‘Writing portable packages’ in the ‘Writing R Extensions’ manual.
Flavors: r-devel-linux-x86_64-debian-clang, r-devel-linux-x86_64-debian-gcc, r-devel-linux-x86_64-fedora-clang, r-devel-linux-x86_64-fedora-gcc, r-patched-linux-x86_64, r-release-linux-x86_64