CRAN Package Check Results for Package riskRegression

Last updated on 2017-07-31 01:47:22.

Flavor Version Tinstall Tcheck Ttotal Status Flags
r-devel-linux-x86_64-debian-clang 1.4.3 76.17 208.81 284.98 OK
r-devel-linux-x86_64-debian-gcc 1.4.3 80.86 191.19 272.05 OK
r-devel-linux-x86_64-fedora-clang 1.4.3 574.59 OK
r-devel-linux-x86_64-fedora-gcc 1.4.3 534.02 NOTE
r-devel-windows-ix86+x86_64 1.4.3 311.00 759.00 1070.00 OK
r-patched-linux-x86_64 1.4.3 80.56 214.93 295.50 OK
r-patched-solaris-x86 1.4.3 657.20 OK
r-release-linux-x86_64 1.4.3 80.12 212.05 292.17 OK
r-release-windows-ix86+x86_64 1.4.3 375.00 686.00 1061.00 OK
r-release-osx-x86_64 1.4.3 OK
r-oldrel-windows-ix86+x86_64 1.4.3 235.00 413.00 648.00 OK
r-oldrel-osx-x86_64 1.4.3 OK

Check Details

Version: 1.4.3
Check: installed package size
Result: NOTE
     installed size is 6.1Mb
     sub-directories of 1Mb or more:
     libs 5.6Mb
Flavor: r-devel-linux-x86_64-fedora-gcc