Last updated on 2017-07-31 01:47:22.
Flavor | Version | Tinstall | Tcheck | Ttotal | Status | Flags |
---|---|---|---|---|---|---|
r-devel-linux-x86_64-debian-clang | 1.1.4 | 48.79 | 20.96 | 69.75 | OK | |
r-devel-linux-x86_64-debian-gcc | 1.1.4 | 53.72 | 14.11 | 67.83 | OK | |
r-devel-linux-x86_64-fedora-clang | 1.1.4 | 127.29 | NOTE | |||
r-devel-linux-x86_64-fedora-gcc | 1.1.4 | 124.70 | NOTE | |||
r-devel-windows-ix86+x86_64 | 1.1.4 | 291.00 | 83.00 | 374.00 | OK | |
r-patched-linux-x86_64 | 1.1.4 | 52.10 | 20.53 | 72.64 | OK | |
r-patched-solaris-x86 | 1.1.4 | 133.40 | OK | |||
r-release-linux-x86_64 | 1.1.4 | 51.82 | 20.40 | 72.21 | OK | |
r-release-windows-ix86+x86_64 | 1.1.4 | 221.00 | 77.00 | 298.00 | OK | |
r-release-osx-x86_64 | 1.1.4 | OK | ||||
r-oldrel-windows-ix86+x86_64 | 1.1.4 | 291.00 | 53.00 | 344.00 | OK | |
r-oldrel-osx-x86_64 | 1.1.4 | NOTE |
Version: 1.1.4
Check: installed package size
Result: NOTE
installed size is 5.2Mb
sub-directories of 1Mb or more:
libs 5.1Mb
Flavors: r-devel-linux-x86_64-fedora-clang, r-devel-linux-x86_64-fedora-gcc, r-oldrel-osx-x86_64