Last updated on 2017-07-31 01:47:22.
Flavor | Version | Tinstall | Tcheck | Ttotal | Status | Flags |
---|---|---|---|---|---|---|
r-devel-linux-x86_64-debian-clang | 1.3-0 | 51.88 | 136.22 | 188.10 | NOTE | |
r-devel-linux-x86_64-debian-gcc | 1.3-0 | 52.18 | 127.85 | 180.03 | NOTE | |
r-devel-linux-x86_64-fedora-clang | 1.3-0 | 351.96 | NOTE | |||
r-devel-linux-x86_64-fedora-gcc | 1.3-0 | 351.70 | NOTE | |||
r-devel-windows-ix86+x86_64 | 1.3-0 | 181.00 | 354.00 | 535.00 | OK | |
r-patched-linux-x86_64 | 1.3-0 | 52.87 | 139.48 | 192.36 | NOTE | |
r-patched-solaris-x86 | 1.3-0 | 385.50 | OK | |||
r-release-linux-x86_64 | 1.3-0 | 52.40 | 136.39 | 188.79 | NOTE | |
r-release-windows-ix86+x86_64 | 1.3-0 | 230.00 | 300.00 | 530.00 | OK | |
r-release-osx-x86_64 | 1.3-0 | WARN | ||||
r-oldrel-windows-ix86+x86_64 | 1.3-0 | 150.00 | 224.00 | 374.00 | OK | |
r-oldrel-osx-x86_64 | 1.3-0 | WARN |
Version: 1.3-0
Check: compiled code
Result: NOTE
File ‘rmgarch/libs/rmgarch.so’:
Found no calls to: ‘R_registerRoutines’, ‘R_useDynamicSymbols’
It is good practice to register native routines and to disable symbol
search.
See ‘Writing portable packages’ in the ‘Writing R Extensions’ manual.
Flavors: r-devel-linux-x86_64-debian-clang, r-devel-linux-x86_64-debian-gcc, r-devel-linux-x86_64-fedora-clang, r-devel-linux-x86_64-fedora-gcc, r-patched-linux-x86_64, r-release-linux-x86_64
Version: 1.3-0
Check: installed package size
Result: NOTE
installed size is 6.5Mb
sub-directories of 1Mb or more:
libs 4.7Mb
Flavors: r-devel-linux-x86_64-fedora-clang, r-devel-linux-x86_64-fedora-gcc, r-release-osx-x86_64, r-oldrel-osx-x86_64
Version: 1.3-0
Check: re-building of vignette outputs
Result: WARN
Error in re-building vignettes:
...
Error in texi2dvi(file = file, pdf = TRUE, clean = clean, quiet = quiet, :
Running 'texi2dvi' on 'The_rmgarch_models.tex' failed.
LaTeX errors:
! LaTeX Error: File `appendix.sty' not found.
Type X to quit or <RETURN> to proceed,
or enter new name. (Default extension: sty)
! Emergency stop.
<read *>
l.9 \usepackage
[round]{natbib}^^M
! ==> Fatal error occurred, no output PDF file produced!
Calls: buildVignettes -> texi2pdf -> texi2dvi
Execution halted
Flavor: r-release-osx-x86_64
Version: 1.3-0
Check: whether package can be installed
Result: WARN
Found the following significant warnings:
Warning: 'rgl_init' failed, running with rgl.useNULL = TRUE
Flavor: r-oldrel-osx-x86_64
Version: 1.3-0
Check: dependencies in R code
Result: NOTE
Invalid MIT-MAGIC-COOKIE-1 key
Flavor: r-oldrel-osx-x86_64
Version: 1.3-0
Check: S3 generic/method consistency
Result: WARN
Invalid MIT-MAGIC-COOKIE-1 key
See section ‘Generic functions and methods’ in the ‘Writing R
Extensions’ manual.
Flavor: r-oldrel-osx-x86_64
Version: 1.3-0
Check: replacement functions
Result: WARN
Invalid MIT-MAGIC-COOKIE-1 key
The argument of a replacement function which corresponds to the right
hand side must be named ‘value’.
Flavor: r-oldrel-osx-x86_64
Version: 1.3-0
Check: foreign function calls
Result: NOTE
Invalid MIT-MAGIC-COOKIE-1 key
See chapter ‘System and foreign language interfaces’ in the ‘Writing R
Extensions’ manual.
Flavor: r-oldrel-osx-x86_64
Version: 1.3-0
Check: R code for possible problems
Result: NOTE
Invalid MIT-MAGIC-COOKIE-1 key
Flavor: r-oldrel-osx-x86_64
Version: 1.3-0
Check: for missing documentation entries
Result: WARN
Invalid MIT-MAGIC-COOKIE-1 key
All user-level objects in a package should have documentation entries.
See chapter ‘Writing R documentation files’ in the ‘Writing R
Extensions’ manual.
Flavor: r-oldrel-osx-x86_64
Version: 1.3-0
Check: for code/documentation mismatches
Result: WARN
Invalid MIT-MAGIC-COOKIE-1 key
Invalid MIT-MAGIC-COOKIE-1 key
Invalid MIT-MAGIC-COOKIE-1 key
Flavor: r-oldrel-osx-x86_64
Version: 1.3-0
Check: Rd \usage sections
Result: NOTE
Invalid MIT-MAGIC-COOKIE-1 key
The \usage entries for S3 methods should use the \method markup and not
their full name.
See chapter ‘Writing R documentation files’ in the ‘Writing R
Extensions’ manual.
Flavor: r-oldrel-osx-x86_64