Last updated on 2017-07-31 01:47:23.
Flavor | Version | Tinstall | Tcheck | Ttotal | Status | Flags |
---|---|---|---|---|---|---|
r-devel-linux-x86_64-debian-clang | 0.4.2 | 1.41 | 37.00 | 38.41 | OK | |
r-devel-linux-x86_64-debian-gcc | 0.4.2 | 1.69 | 28.13 | 29.82 | OK | |
r-devel-linux-x86_64-fedora-clang | 0.4.2 | 56.04 | OK | |||
r-devel-linux-x86_64-fedora-gcc | 0.4.2 | 58.70 | OK | |||
r-devel-windows-ix86+x86_64 | 0.4.2 | 8.00 | 77.00 | 85.00 | OK | |
r-patched-linux-x86_64 | 0.4.2 | 1.60 | 38.17 | 39.77 | OK | |
r-patched-solaris-x86 | 0.4.2 | 71.40 | OK | |||
r-release-linux-x86_64 | 0.4.2 | 1.44 | 36.61 | 38.06 | OK | |
r-release-windows-ix86+x86_64 | 0.4.2 | 5.00 | 70.00 | 75.00 | OK | |
r-release-osx-x86_64 | 0.4.2 | ERROR | ||||
r-oldrel-windows-ix86+x86_64 | 0.4.2 | 6.00 | 48.00 | 54.00 | OK | |
r-oldrel-osx-x86_64 | 0.4.2 | OK |
Version: 0.4.2
Check: package dependencies
Result: ERROR
Package required but not available: ‘Rglpk’
See section ‘The DESCRIPTION file’ in the ‘Writing R Extensions’
manual.
Flavor: r-release-osx-x86_64