CRAN Package Check Results for Package rpdo

Last updated on 2017-07-31 01:47:23.

Flavor Version Tinstall Tcheck Ttotal Status Flags
r-devel-linux-x86_64-debian-clang 0.2.2 0.59 85.64 86.23 OK
r-devel-linux-x86_64-debian-gcc 0.2.2 0.70 13.33 14.03 OK
r-devel-linux-x86_64-fedora-clang 0.2.2 22.79 OK
r-devel-linux-x86_64-fedora-gcc 0.2.2 22.56 OK
r-devel-windows-ix86+x86_64 0.2.2 3.00 42.00 45.00 OK
r-patched-linux-x86_64 0.2.2 0.62 21.95 22.57 OK
r-patched-solaris-x86 0.2.2 36.40 OK
r-release-linux-x86_64 0.2.2 0.58 40.39 40.97 OK
r-release-windows-ix86+x86_64 0.2.2 2.00 39.00 41.00 OK
r-release-osx-x86_64 0.2.2 NOTE
r-oldrel-windows-ix86+x86_64 0.2.2 3.00 29.00 32.00 OK
r-oldrel-osx-x86_64 0.2.2 OK

Check Details

Version: 0.2.2
Check: package dependencies
Result: NOTE
    Package suggested but not available for checking: ‘devtools’
Flavor: r-release-osx-x86_64