CRAN Package Check Results for Package rpf

Last updated on 2017-07-31 01:47:23.

Flavor Version Tinstall Tcheck Ttotal Status Flags
r-devel-linux-x86_64-debian-clang 0.53 21.40 45.34 66.75 ERROR
r-devel-linux-x86_64-debian-gcc 0.53 20.13 38.15 58.28 NOTE
r-devel-linux-x86_64-fedora-clang 0.53 122.21 NOTE
r-devel-linux-x86_64-fedora-gcc 0.53 109.57 NOTE
r-devel-windows-ix86+x86_64 0.53 73.00 128.00 201.00 OK
r-patched-linux-x86_64 0.53 19.86 46.84 66.69 NOTE
r-patched-solaris-x86 0.53 118.70 ERROR
r-release-linux-x86_64 0.53 19.70 46.47 66.17 NOTE
r-release-windows-ix86+x86_64 0.53 57.00 109.00 166.00 OK
r-release-osx-x86_64 0.53 NOTE
r-oldrel-windows-ix86+x86_64 0.53 71.00 77.00 148.00 OK
r-oldrel-osx-x86_64 0.53 NOTE

Additional issues

rchk

Check Details

Version: 0.53
Check: compiled code
Result: NOTE
    File ‘rpf/libs/rpf.so’:
     Found no call to: ‘R_useDynamicSymbols’
    
    It is good practice to register native routines and to disable symbol
    search.
    
    See ‘Writing portable packages’ in the ‘Writing R Extensions’ manual.
Flavors: r-devel-linux-x86_64-debian-clang, r-devel-linux-x86_64-debian-gcc, r-devel-linux-x86_64-fedora-clang, r-devel-linux-x86_64-fedora-gcc, r-patched-linux-x86_64, r-release-linux-x86_64

Version: 0.53
Check: examples
Result: ERROR
    Running examples in ‘rpf-Ex.R’ failed
    The error most likely occurred in:
    
    > base::assign(".ptime", proc.time(), pos = "CheckExEnv")
    > ### Name: EAPscores
    > ### Title: Compute EAP scores
    > ### Aliases: EAPscores
    >
    > ### ** Examples
    >
    > spec <- list()
    > spec[1:3] <- rpf.grm(outcomes=3)
    Warning in `[<-`(`*tmp*`, 1:3, value = <S4 object of class "rpf.mdim.grm">) :
     implicit list embedding of S4 objects is deprecated
    > param <- sapply(spec, rpf.rparam)
    > data <- rpf.sample(5, spec, param)
    > colnames(param) <- colnames(data)
    > grp <- list(spec=spec, param=param, data=data, minItemsPerScore=1L)
    > EAPscores(grp)
    *** invalid %N$ use detected ***
    Aborted
Flavor: r-devel-linux-x86_64-debian-clang

Version: 0.53
Check: tests
Result: ERROR
     Running ‘testthat.R’ [5s/4s]
    Running the tests in ‘tests/testthat.R’ failed.
    Complete output:
     > library(testthat)
     > library(rpf)
     Loading required package: parallel
     >
     > test_check("rpf")
     Loading required package: stats4
     Loading required package: lattice
     *** invalid %N$ use detected ***
     Aborted
Flavor: r-devel-linux-x86_64-debian-clang

Version: 0.53
Check: installed package size
Result: NOTE
     installed size is 8.6Mb
     sub-directories of 1Mb or more:
     libs 7.9Mb
Flavors: r-devel-linux-x86_64-fedora-clang, r-devel-linux-x86_64-fedora-gcc, r-release-osx-x86_64, r-oldrel-osx-x86_64

Version: 0.53
Check: tests
Result: ERROR
     Running ‘testthat.R’ [14s/13s]
    Running the tests in ‘tests/testthat.R’ failed.
    Complete output:
     > library(testthat)
     > library(rpf)
     Loading required package: parallel
     >
     > test_check("rpf")
     Loading required package: stats4
     Loading required package: lattice
     Error: grp1$score[, 1] not equal to grp2$score[, 1].
     816/1000 mismatches (average diff: 20.9)
     [1] -1.238 - -6.51e-08 == -1.2383
     [6] -0.719 - -4.44e-01 == -0.2745
     [7] -0.719 - -2.78e-01 == -0.4408
     [8] -0.719 - 6.57e-16 == -0.7188
     [9] -0.719 - -3.81e-01 == -0.3373
     [10] -0.719 - -1.72e+00 == 1.0060
     [12] -0.236 - 1.18e-01 == -0.3538
     [13] -0.236 - 1.33e-01 == -0.3687
     [14] -0.236 - -2.24e-01 == -0.0113
     ...
     testthat results ================================================================
     OK: 363 SKIPPED: 0 FAILED: 0
     Execution halted
Flavor: r-patched-solaris-x86