CRAN Package Check Results for Package rsolr

Last updated on 2017-07-31 01:47:23.

Flavor Version Tinstall Tcheck Ttotal Status Flags
r-devel-linux-x86_64-debian-clang 0.0.4 6.66 173.36 180.02 ERROR
r-devel-linux-x86_64-debian-gcc 0.0.4 6.55 158.61 165.16 ERROR
r-devel-linux-x86_64-fedora-clang 0.0.4 202.06 ERROR
r-devel-linux-x86_64-fedora-gcc 0.0.4 208.47 ERROR
r-devel-windows-ix86+x86_64 0.0.4 29.00 499.00 528.00 ERROR
r-patched-linux-x86_64 0.0.4 7.06 173.04 180.10 ERROR
r-patched-solaris-x86 0.0.4 454.30 ERROR
r-release-linux-x86_64 0.0.4 6.80 167.65 174.45 ERROR
r-release-windows-ix86+x86_64 0.0.4 23.00 449.00 472.00 ERROR
r-release-osx-x86_64 0.0.4 ERROR
r-oldrel-windows-ix86+x86_64 0.0.4 10.00 4.00 14.00 ERROR
r-oldrel-osx-x86_64 0.0.4 ERROR

Additional issues

rchk

Check Details

Version: 0.0.4
Check: tests
Result: ERROR
     Running ‘rsolr_unit_tests.R’ [19s/40s]
    Running the tests in ‘tests/rsolr_unit_tests.R’ failed.
    Complete output:
     > rsolr:::.test()
     Starting Solr...
     Use options(verbose=TRUE) to diagnose any problems.
     Solr started at: http://localhost:8983/solr/techproducts
    
     Attaching package: 'BiocGenerics'
    
     The following objects are masked from 'package:parallel':
    
     clusterApply, clusterApplyLB, clusterCall, clusterEvalQ,
     clusterExport, clusterMap, parApply, parCapply, parLapply,
     parLapplyLB, parRapply, parSapply, parSapplyLB
    
     The following objects are masked from 'package:stats':
    
     IQR, mad, sd, var, xtabs
    
     The following objects are masked from 'package:base':
    
     Filter, Find, Map, Position, Reduce, anyDuplicated, append,
     as.data.frame, cbind, colMeans, colSums, colnames, do.call,
     duplicated, eval, evalq, get, grep, grepl, intersect, is.unsorted,
     lapply, lengths, mapply, match, mget, order, paste, pmax, pmax.int,
     pmin, pmin.int, rank, rbind, rowMeans, rowSums, rownames, sapply,
     setdiff, sort, table, tapply, union, unique, unsplit, which,
     which.max, which.min
    
    
     Attaching package: 'rsolr'
    
     The following object is masked from 'package:stats':
    
     ftable
    
     The following object is masked from 'package:base':
    
     grouping
    
     Timing stopped at: 6.216 0.028 7.782
     Error in mget(nms, frame, mode = "function", ifnotfound = list(NULL), :
     object 'cat_s' not found
     Starting Solr...
     Use options(verbose=TRUE) to diagnose any problems.
     Solr started at: http://localhost:8983/solr/Cars93
     Starting Solr...
     Use options(verbose=TRUE) to diagnose any problems.
     Solr started at: http://localhost:8983/solr/Cars93
    
    
     RUNIT TEST PROTOCOL -- Fri Jul 28 23:54:48 2017
     ***********************************************
     Number of test functions: 7
     Number of errors: 1
     Number of failures: 0
    
    
     1 Test Suite :
     rsolr RUnit Tests - 7 test functions, 1 error, 0 failures
     ERROR in test_SolrQuery: Error in mget(nms, frame, mode = "function", ifnotfound = list(NULL), :
     object 'cat_s' not found
    
     Test files with failing tests
    
     test_SolrQuery.R
     test_SolrQuery
    
    
     Error in get("testPackage", getNamespace("BiocGenerics"))("rsolr") :
     unit tests failed for package rsolr
     Calls: <Anonymous> -> <Anonymous>
     Execution halted
Flavor: r-devel-linux-x86_64-debian-clang

Version: 0.0.4
Check: tests
Result: ERROR
     Running ‘rsolr_unit_tests.R’ [18s/40s]
    Running the tests in ‘tests/rsolr_unit_tests.R’ failed.
    Complete output:
     > rsolr:::.test()
     Starting Solr...
     Use options(verbose=TRUE) to diagnose any problems.
     Solr started at: http://localhost:8983/solr/techproducts
    
     Attaching package: 'BiocGenerics'
    
     The following objects are masked from 'package:parallel':
    
     clusterApply, clusterApplyLB, clusterCall, clusterEvalQ,
     clusterExport, clusterMap, parApply, parCapply, parLapply,
     parLapplyLB, parRapply, parSapply, parSapplyLB
    
     The following objects are masked from 'package:stats':
    
     IQR, mad, sd, var, xtabs
    
     The following objects are masked from 'package:base':
    
     Filter, Find, Map, Position, Reduce, anyDuplicated, append,
     as.data.frame, cbind, colMeans, colSums, colnames, do.call,
     duplicated, eval, evalq, get, grep, grepl, intersect, is.unsorted,
     lapply, lengths, mapply, match, mget, order, paste, pmax, pmax.int,
     pmin, pmin.int, rank, rbind, rowMeans, rowSums, rownames, sapply,
     setdiff, sort, table, tapply, union, unique, unsplit, which,
     which.max, which.min
    
    
     Attaching package: 'rsolr'
    
     The following object is masked from 'package:stats':
    
     ftable
    
     The following object is masked from 'package:base':
    
     grouping
    
     Error in x$.self$finalize() :
     no function to return from, jumping to top level
     Error in x$.self$finalize() :
     no function to return from, jumping to top level
     Error in x$.self$finalize() :
     no function to return from, jumping to top level
     Error in x$.self$finalize() :
     no function to return from, jumping to top level
     Error in x$.self$finalize() :
     no function to return from, jumping to top level
     Timing stopped at: 6.288 0.048 7.863
     Error in mget(nms, frame, mode = "function", ifnotfound = list(NULL), :
     object 'cat_s' not found
     Starting Solr...
     Use options(verbose=TRUE) to diagnose any problems.
     Solr started at: http://localhost:8983/solr/Cars93
     Starting Solr...
     Use options(verbose=TRUE) to diagnose any problems.
     Solr started at: http://localhost:8983/solr/Cars93
    
    
     RUNIT TEST PROTOCOL -- Sun Jul 30 22:36:04 2017
     ***********************************************
     Number of test functions: 7
     Number of errors: 1
     Number of failures: 0
    
    
     1 Test Suite :
     rsolr RUnit Tests - 7 test functions, 1 error, 0 failures
     ERROR in test_SolrQuery: Error in mget(nms, frame, mode = "function", ifnotfound = list(NULL), :
     object 'cat_s' not found
    
     Test files with failing tests
    
     test_SolrQuery.R
     test_SolrQuery
    
    
     Error in get("testPackage", getNamespace("BiocGenerics"))("rsolr") :
     unit tests failed for package rsolr
     Calls: <Anonymous> -> <Anonymous>
     Execution halted
Flavor: r-devel-linux-x86_64-debian-gcc

Version: 0.0.4
Check: tests
Result: ERROR
     Running ‘rsolr_unit_tests.R’ [34s/87s]
    Running the tests in ‘tests/rsolr_unit_tests.R’ failed.
    Complete output:
     > rsolr:::.test()
     Starting Solr...
     Use options(verbose=TRUE) to diagnose any problems.
     Solr started at: http://localhost:8983/solr/techproducts
    
     Attaching package: 'BiocGenerics'
    
     The following objects are masked from 'package:parallel':
    
     clusterApply, clusterApplyLB, clusterCall, clusterEvalQ,
     clusterExport, clusterMap, parApply, parCapply, parLapply,
     parLapplyLB, parRapply, parSapply, parSapplyLB
    
     The following objects are masked from 'package:stats':
    
     IQR, mad, sd, var, xtabs
    
     The following objects are masked from 'package:base':
    
     Filter, Find, Map, Position, Reduce, anyDuplicated, append,
     as.data.frame, cbind, colMeans, colSums, colnames, do.call,
     duplicated, eval, evalq, get, grep, grepl, intersect, is.unsorted,
     lapply, lengths, mapply, match, mget, order, paste, pmax, pmax.int,
     pmin, pmin.int, rank, rbind, rowMeans, rowSums, rownames, sapply,
     setdiff, sort, table, tapply, union, unique, unsplit, which,
     which.max, which.min
    
    
     Attaching package: 'rsolr'
    
     The following object is masked from 'package:stats':
    
     ftable
    
     The following object is masked from 'package:base':
    
     grouping
    
     Timing stopped at: 11.95 0.04 17.83
     Error in mget(nms, frame, mode = "function", ifnotfound = list(NULL), :
     object 'cat_s' not found
     Starting Solr...
     Use options(verbose=TRUE) to diagnose any problems.
     Solr started at: http://localhost:8983/solr/Cars93
     Starting Solr...
     Use options(verbose=TRUE) to diagnose any problems.
     Solr started at: http://localhost:8983/solr/Cars93
    
    
     RUNIT TEST PROTOCOL -- Wed Jul 26 18:53:36 2017
     ***********************************************
     Number of test functions: 7
     Number of errors: 1
     Number of failures: 0
    
    
     1 Test Suite :
     rsolr RUnit Tests - 7 test functions, 1 error, 0 failures
     ERROR in test_SolrQuery: Error in mget(nms, frame, mode = "function", ifnotfound = list(NULL), :
     object 'cat_s' not found
    
     Test files with failing tests
    
     test_SolrQuery.R
     test_SolrQuery
    
    
     Error in get("testPackage", getNamespace("BiocGenerics"))("rsolr") :
     unit tests failed for package rsolr
     Calls: <Anonymous> -> <Anonymous>
     Execution halted
Flavor: r-devel-linux-x86_64-fedora-clang

Version: 0.0.4
Check: tests
Result: ERROR
     Running ‘rsolr_unit_tests.R’ [33s/86s]
    Running the tests in ‘tests/rsolr_unit_tests.R’ failed.
    Complete output:
     > rsolr:::.test()
     Starting Solr...
     Use options(verbose=TRUE) to diagnose any problems.
     Solr started at: http://localhost:8983/solr/techproducts
    
     Attaching package: 'BiocGenerics'
    
     The following objects are masked from 'package:parallel':
    
     clusterApply, clusterApplyLB, clusterCall, clusterEvalQ,
     clusterExport, clusterMap, parApply, parCapply, parLapply,
     parLapplyLB, parRapply, parSapply, parSapplyLB
    
     The following objects are masked from 'package:stats':
    
     IQR, mad, sd, var, xtabs
    
     The following objects are masked from 'package:base':
    
     Filter, Find, Map, Position, Reduce, anyDuplicated, append,
     as.data.frame, cbind, colMeans, colSums, colnames, do.call,
     duplicated, eval, evalq, get, grep, grepl, intersect, is.unsorted,
     lapply, lengths, mapply, match, mget, order, paste, pmax, pmax.int,
     pmin, pmin.int, rank, rbind, rowMeans, rowSums, rownames, sapply,
     setdiff, sort, table, tapply, union, unique, unsplit, which,
     which.max, which.min
    
    
     Attaching package: 'rsolr'
    
     The following object is masked from 'package:stats':
    
     ftable
    
     The following object is masked from 'package:base':
    
     grouping
    
     Error in x$.self$finalize() :
     no function to return from, jumping to top level
     Error in x$.self$finalize() :
     no function to return from, jumping to top level
     Timing stopped at: 11.19 0.054 17.88
     Error in mget(nms, frame, mode = "function", ifnotfound = list(NULL), :
     object 'cat_s' not found
     Starting Solr...
     Use options(verbose=TRUE) to diagnose any problems.
     Solr started at: http://localhost:8983/solr/Cars93
     Starting Solr...
     Use options(verbose=TRUE) to diagnose any problems.
     Solr started at: http://localhost:8983/solr/Cars93
    
    
     RUNIT TEST PROTOCOL -- Thu Jul 27 21:13:10 2017
     ***********************************************
     Number of test functions: 7
     Number of errors: 1
     Number of failures: 0
    
    
     1 Test Suite :
     rsolr RUnit Tests - 7 test functions, 1 error, 0 failures
     ERROR in test_SolrQuery: Error in mget(nms, frame, mode = "function", ifnotfound = list(NULL), :
     object 'cat_s' not found
    
     Test files with failing tests
    
     test_SolrQuery.R
     test_SolrQuery
    
    
     Error in get("testPackage", getNamespace("BiocGenerics"))("rsolr") :
     unit tests failed for package rsolr
     Calls: <Anonymous> -> <Anonymous>
     Execution halted
Flavor: r-devel-linux-x86_64-fedora-gcc

Version: 0.0.4
Check: running tests for arch ‘i386’
Result: ERROR
     Running 'rsolr_unit_tests.R' [53s]
    Running the tests in 'tests/rsolr_unit_tests.R' failed.
    Last 13 lines of output:
     1 Test Suite :
     rsolr RUnit Tests - 7 test functions, 1 error, 0 failures
     ERROR in test_SolrQuery: Error in mget(nms, frame, mode = "function", ifnotfound = list(NULL), :
     object 'cat_s' not found
    
     Test files with failing tests
    
     test_SolrQuery.R
     test_SolrQuery
    
    
     Error in get("testPackage", getNamespace("BiocGenerics"))("rsolr") :
     unit tests failed for package rsolr
     Calls: <Anonymous> -> <Anonymous>
     Execution halted
Flavor: r-devel-windows-ix86+x86_64

Version: 0.0.4
Check: running tests for arch ‘x64’
Result: ERROR
     Running 'rsolr_unit_tests.R' [58s]
    Running the tests in 'tests/rsolr_unit_tests.R' failed.
    Last 13 lines of output:
     1 Test Suite :
     rsolr RUnit Tests - 7 test functions, 1 error, 0 failures
     ERROR in test_SolrQuery: Error in mget(nms, frame, mode = "function", ifnotfound = list(NULL), :
     object 'cat_s' not found
    
     Test files with failing tests
    
     test_SolrQuery.R
     test_SolrQuery
    
    
     Error in get("testPackage", getNamespace("BiocGenerics"))("rsolr") :
     unit tests failed for package rsolr
     Calls: <Anonymous> -> <Anonymous>
     Execution halted
Flavor: r-devel-windows-ix86+x86_64

Version: 0.0.4
Check: tests
Result: ERROR
     Running ‘rsolr_unit_tests.R’ [15s/37s]
    Running the tests in ‘tests/rsolr_unit_tests.R’ failed.
    Complete output:
     > rsolr:::.test()
     Starting Solr...
     Use options(verbose=TRUE) to diagnose any problems.
     Solr started at: http://localhost:8983/solr/techproducts
    
     Attaching package: 'BiocGenerics'
    
     The following objects are masked from 'package:parallel':
    
     clusterApply, clusterApplyLB, clusterCall, clusterEvalQ,
     clusterExport, clusterMap, parApply, parCapply, parLapply,
     parLapplyLB, parRapply, parSapply, parSapplyLB
    
     The following objects are masked from 'package:stats':
    
     IQR, mad, sd, var, xtabs
    
     The following objects are masked from 'package:base':
    
     Filter, Find, Map, Position, Reduce, anyDuplicated, append,
     as.data.frame, cbind, colMeans, colSums, colnames, do.call,
     duplicated, eval, evalq, get, grep, grepl, intersect, is.unsorted,
     lapply, lengths, mapply, match, mget, order, paste, pmax, pmax.int,
     pmin, pmin.int, rank, rbind, rowMeans, rowSums, rownames, sapply,
     setdiff, sort, table, tapply, union, unique, unsplit, which,
     which.max, which.min
    
    
     Attaching package: 'rsolr'
    
     The following object is masked from 'package:stats':
    
     ftable
    
     The following object is masked from 'package:base':
    
     grouping
    
     Timing stopped at: 0.716 0.004 1.04
     Error in .local(formula, data, subset, sparse, na.action, exclude, drop.unused.levels) :
     object 'exclude' not found
     Timing stopped at: 3.7 0.032 4.739
     Error in .local(formula, data, subset, sparse, na.action, exclude, drop.unused.levels) :
     object 'exclude' not found
     Starting Solr...
     Use options(verbose=TRUE) to diagnose any problems.
     Solr started at: http://localhost:8983/solr/Cars93
     Starting Solr...
     Use options(verbose=TRUE) to diagnose any problems.
     Solr started at: http://localhost:8983/solr/Cars93
    
    
     RUNIT TEST PROTOCOL -- Fri Jul 28 11:50:11 2017
     ***********************************************
     Number of test functions: 7
     Number of errors: 2
     Number of failures: 0
    
    
     1 Test Suite :
     rsolr RUnit Tests - 7 test functions, 2 errors, 0 failures
     ERROR in test_SolrList_queries: Error in .local(formula, data, subset, sparse, na.action, exclude, drop.unused.levels) :
     object 'exclude' not found
     ERROR in test_SolrQuery: Error in .local(formula, data, subset, sparse, na.action, exclude, drop.unused.levels) :
     object 'exclude' not found
    
     Test files with failing tests
    
     test_SolrList.R
     test_SolrList_queries
    
     test_SolrQuery.R
     test_SolrQuery
    
    
     Error in get("testPackage", getNamespace("BiocGenerics"))("rsolr") :
     unit tests failed for package rsolr
     Calls: <Anonymous> -> <Anonymous>
     Execution halted
Flavor: r-patched-linux-x86_64

Version: 0.0.4
Check: tests
Result: ERROR
     Running ‘rsolr_unit_tests.R’ [89s/61s]
    Running the tests in ‘tests/rsolr_unit_tests.R’ failed.
    Complete output:
     > rsolr:::.test()
     Starting Solr...
     Use options(verbose=TRUE) to diagnose any problems.
     Solr started at: http://localhost:8983/solr/techproducts
    
     Attaching package: 'BiocGenerics'
    
     The following objects are masked from 'package:parallel':
    
     clusterApply, clusterApplyLB, clusterCall, clusterEvalQ,
     clusterExport, clusterMap, parApply, parCapply, parLapply,
     parLapplyLB, parRapply, parSapply, parSapplyLB
    
     The following objects are masked from 'package:stats':
    
     IQR, mad, sd, var, xtabs
    
     The following objects are masked from 'package:base':
    
     Filter, Find, Map, Position, Reduce, anyDuplicated, append,
     as.data.frame, cbind, colMeans, colSums, colnames, do.call,
     duplicated, eval, evalq, get, grep, grepl, intersect, is.unsorted,
     lapply, lengths, mapply, match, mget, order, paste, pmax, pmax.int,
     pmin, pmin.int, rank, rbind, rowMeans, rowSums, rownames, sapply,
     setdiff, sort, table, tapply, union, unique, unsplit, which,
     which.max, which.min
    
    
     Attaching package: 'rsolr'
    
     The following object is masked from 'package:stats':
    
     ftable
    
     The following object is masked from 'package:base':
    
     grouping
    
     Timing stopped at: 1.267 0.04 1.84
     Error in .local(formula, data, subset, sparse, na.action, exclude, drop.unused.levels) :
     object 'exclude' not found
     Timing stopped at: 6.851 0.224 8.065
     Error in .local(formula, data, subset, sparse, na.action, exclude, drop.unused.levels) :
     object 'exclude' not found
     Starting Solr...
     Use options(verbose=TRUE) to diagnose any problems.
     Solr started at: http://localhost:8983/solr/Cars93
     Starting Solr...
     Use options(verbose=TRUE) to diagnose any problems.
     Solr started at: http://localhost:8983/solr/Cars93
    
    
     RUNIT TEST PROTOCOL -- Fri Jul 28 09:15:06 2017
     ***********************************************
     Number of test functions: 7
     Number of errors: 2
     Number of failures: 0
    
    
     1 Test Suite :
     rsolr RUnit Tests - 7 test functions, 2 errors, 0 failures
     ERROR in test_SolrList_queries: Error in .local(formula, data, subset, sparse, na.action, exclude, drop.unused.levels) :
     object 'exclude' not found
     ERROR in test_SolrQuery: Error in .local(formula, data, subset, sparse, na.action, exclude, drop.unused.levels) :
     object 'exclude' not found
    
     Test files with failing tests
    
     test_SolrList.R
     test_SolrList_queries
    
     test_SolrQuery.R
     test_SolrQuery
    
    
     Error in get("testPackage", getNamespace("BiocGenerics"))("rsolr") :
     unit tests failed for package rsolr
     Calls: <Anonymous> -> <Anonymous>
     Execution halted
Flavor: r-patched-solaris-x86

Version: 0.0.4
Check: tests
Result: ERROR
     Running ‘rsolr_unit_tests.R’ [14s/35s]
    Running the tests in ‘tests/rsolr_unit_tests.R’ failed.
    Complete output:
     > rsolr:::.test()
     Starting Solr...
     Use options(verbose=TRUE) to diagnose any problems.
     Solr started at: http://localhost:8983/solr/techproducts
    
     Attaching package: 'BiocGenerics'
    
     The following objects are masked from 'package:parallel':
    
     clusterApply, clusterApplyLB, clusterCall, clusterEvalQ,
     clusterExport, clusterMap, parApply, parCapply, parLapply,
     parLapplyLB, parRapply, parSapply, parSapplyLB
    
     The following objects are masked from 'package:stats':
    
     IQR, mad, sd, var, xtabs
    
     The following objects are masked from 'package:base':
    
     Filter, Find, Map, Position, Reduce, anyDuplicated, append,
     as.data.frame, cbind, colMeans, colSums, colnames, do.call,
     duplicated, eval, evalq, get, grep, grepl, intersect, is.unsorted,
     lapply, lengths, mapply, match, mget, order, paste, pmax, pmax.int,
     pmin, pmin.int, rank, rbind, rowMeans, rowSums, rownames, sapply,
     setdiff, sort, table, tapply, union, unique, unsplit, which,
     which.max, which.min
    
    
     Attaching package: 'rsolr'
    
     The following object is masked from 'package:stats':
    
     ftable
    
     The following object is masked from 'package:base':
    
     grouping
    
     Timing stopped at: 0.652 0 0.958
     Error in .local(formula, data, subset, sparse, na.action, exclude, drop.unused.levels) :
     object 'exclude' not found
     Timing stopped at: 3.636 0.024 4.82
     Error in .local(formula, data, subset, sparse, na.action, exclude, drop.unused.levels) :
     object 'exclude' not found
     Starting Solr...
     Use options(verbose=TRUE) to diagnose any problems.
     Solr started at: http://localhost:8983/solr/Cars93
     Starting Solr...
     Use options(verbose=TRUE) to diagnose any problems.
     Solr started at: http://localhost:8983/solr/Cars93
    
    
     RUNIT TEST PROTOCOL -- Thu Jul 27 11:53:12 2017
     ***********************************************
     Number of test functions: 7
     Number of errors: 2
     Number of failures: 0
    
    
     1 Test Suite :
     rsolr RUnit Tests - 7 test functions, 2 errors, 0 failures
     ERROR in test_SolrList_queries: Error in .local(formula, data, subset, sparse, na.action, exclude, drop.unused.levels) :
     object 'exclude' not found
     ERROR in test_SolrQuery: Error in .local(formula, data, subset, sparse, na.action, exclude, drop.unused.levels) :
     object 'exclude' not found
    
     Test files with failing tests
    
     test_SolrList.R
     test_SolrList_queries
    
     test_SolrQuery.R
     test_SolrQuery
    
    
     Error in get("testPackage", getNamespace("BiocGenerics"))("rsolr") :
     unit tests failed for package rsolr
     Calls: <Anonymous> -> <Anonymous>
     Execution halted
Flavor: r-release-linux-x86_64

Version: 0.0.4
Check: running tests for arch ‘i386’
Result: ERROR
     Running 'rsolr_unit_tests.R' [55s]
    Running the tests in 'tests/rsolr_unit_tests.R' failed.
    Last 13 lines of output:
     object 'exclude' not found
    
     Test files with failing tests
    
     test_SolrList.R
     test_SolrList_queries
    
     test_SolrQuery.R
     test_SolrQuery
    
    
     Error in get("testPackage", getNamespace("BiocGenerics"))("rsolr") :
     unit tests failed for package rsolr
     Calls: <Anonymous> -> <Anonymous>
     Execution halted
Flavor: r-release-windows-ix86+x86_64

Version: 0.0.4
Check: running tests for arch ‘x64’
Result: ERROR
     Running 'rsolr_unit_tests.R' [62s]
    Running the tests in 'tests/rsolr_unit_tests.R' failed.
    Last 13 lines of output:
     object 'exclude' not found
    
     Test files with failing tests
    
     test_SolrList.R
     test_SolrList_queries
    
     test_SolrQuery.R
     test_SolrQuery
    
    
     Error in get("testPackage", getNamespace("BiocGenerics"))("rsolr") :
     unit tests failed for package rsolr
     Calls: <Anonymous> -> <Anonymous>
     Execution halted
Flavor: r-release-windows-ix86+x86_64

Version: 0.0.4
Check: package dependencies
Result: ERROR
    Package required but not available: ‘graph’
    
    See section ‘The DESCRIPTION file’ in the ‘Writing R Extensions’
    manual.
Flavor: r-release-osx-x86_64

Version: 0.0.4
Check: whether package can be installed
Result: ERROR
    Installation failed.
Flavors: r-oldrel-windows-ix86+x86_64, r-oldrel-osx-x86_64