Last updated on 2017-07-31 01:47:24.
Flavor | Version | Tinstall | Tcheck | Ttotal | Status | Flags |
---|---|---|---|---|---|---|
r-devel-linux-x86_64-debian-clang | 2.8.0 | 3.58 | 86.66 | 90.24 | OK | |
r-devel-linux-x86_64-debian-gcc | 2.8.0 | 3.66 | 75.78 | 79.45 | OK | |
r-devel-linux-x86_64-fedora-clang | 2.8.0 | 143.74 | NOTE | |||
r-devel-linux-x86_64-fedora-gcc | 2.8.0 | 141.33 | NOTE | |||
r-devel-windows-ix86+x86_64 | 2.8.0 | 18.00 | 182.00 | 200.00 | NOTE | |
r-patched-linux-x86_64 | 2.8.0 | 3.63 | 86.18 | 89.81 | OK | |
r-patched-solaris-x86 | 2.8.0 | 174.60 | NOTE | |||
r-release-linux-x86_64 | 2.8.0 | 3.61 | 86.48 | 90.10 | OK | |
r-release-windows-ix86+x86_64 | 2.8.0 | 11.00 | 154.00 | 165.00 | NOTE | |
r-release-osx-x86_64 | 2.8.0 | NOTE | ||||
r-oldrel-windows-ix86+x86_64 | 2.8.0 | 26.00 | 111.00 | 137.00 | NOTE | |
r-oldrel-osx-x86_64 | 2.8.0 | NOTE |
Version: 2.8.0
Check: installed package size
Result: NOTE
installed size is 5.1Mb
sub-directories of 1Mb or more:
sample_data 3.1Mb
Flavors: r-devel-linux-x86_64-fedora-clang, r-devel-linux-x86_64-fedora-gcc, r-devel-windows-ix86+x86_64, r-patched-solaris-x86, r-release-windows-ix86+x86_64, r-release-osx-x86_64, r-oldrel-windows-ix86+x86_64, r-oldrel-osx-x86_64