Last updated on 2017-07-31 01:47:24.
Flavor | Version | Tinstall | Tcheck | Ttotal | Status | Flags |
---|---|---|---|---|---|---|
r-devel-linux-x86_64-debian-clang | 0.1.0 | 20.72 | 159.11 | 179.83 | NOTE | |
r-devel-linux-x86_64-debian-gcc | 0.1.0 | 23.06 | 149.45 | 172.51 | NOTE | |
r-devel-linux-x86_64-fedora-clang | 0.1.0 | 358.26 | NOTE | |||
r-devel-linux-x86_64-fedora-gcc | 0.1.0 | 363.05 | NOTE | |||
r-devel-windows-ix86+x86_64 | 0.1.0 | 83.00 | 479.00 | 562.00 | OK | |
r-patched-linux-x86_64 | 0.1.0 | 22.22 | 165.79 | 188.01 | NOTE | |
r-patched-solaris-x86 | 0.1.0 | 350.40 | OK | |||
r-release-linux-x86_64 | 0.1.0 | 21.83 | 156.19 | 178.01 | NOTE | |
r-release-windows-ix86+x86_64 | 0.1.0 | 67.00 | 439.00 | 506.00 | OK | |
r-release-osx-x86_64 | 0.1.0 | OK | ||||
r-oldrel-windows-ix86+x86_64 | 0.1.0 | 69.00 | 334.00 | 403.00 | OK | |
r-oldrel-osx-x86_64 | 0.1.0 | OK |
Version: 0.1.0
Check: compiled code
Result: NOTE
File ‘saeRobust/libs/saeRobust.so’:
Found no calls to: ‘R_registerRoutines’, ‘R_useDynamicSymbols’
It is good practice to register native routines and to disable symbol
search.
See ‘Writing portable packages’ in the ‘Writing R Extensions’ manual.
Flavors: r-devel-linux-x86_64-debian-clang, r-devel-linux-x86_64-debian-gcc, r-devel-linux-x86_64-fedora-clang, r-devel-linux-x86_64-fedora-gcc, r-patched-linux-x86_64, r-release-linux-x86_64