CRAN Package Check Results for Package segmag

Last updated on 2017-07-31 01:47:24.

Flavor Version Tinstall Tcheck Ttotal Status Flags
r-devel-linux-x86_64-debian-clang 1.2.4 11.02 22.90 33.92 NOTE
r-devel-linux-x86_64-debian-gcc 1.2.4 10.54 15.99 26.53 NOTE
r-devel-linux-x86_64-fedora-clang 1.2.4 53.55 NOTE
r-devel-linux-x86_64-fedora-gcc 1.2.4 46.38 NOTE
r-devel-windows-ix86+x86_64 1.2.4 48.00 71.00 119.00 OK
r-patched-linux-x86_64 1.2.4 10.07 22.82 32.90 NOTE
r-patched-solaris-x86 1.2.4 57.80 OK
r-release-linux-x86_64 1.2.4 10.09 22.38 32.47 NOTE
r-release-windows-ix86+x86_64 1.2.4 36.00 68.00 104.00 OK
r-release-osx-x86_64 1.2.4 OK
r-oldrel-windows-ix86+x86_64 1.2.4 47.00 42.00 89.00 OK
r-oldrel-osx-x86_64 1.2.4 OK

Check Details

Version: 1.2.4
Check: compiled code
Result: NOTE
    File ‘segmag/libs/segmag.so’:
     Found no calls to: ‘R_registerRoutines’, ‘R_useDynamicSymbols’
    
    It is good practice to register native routines and to disable symbol
    search.
    
    See ‘Writing portable packages’ in the ‘Writing R Extensions’ manual.
Flavors: r-devel-linux-x86_64-debian-clang, r-devel-linux-x86_64-debian-gcc, r-devel-linux-x86_64-fedora-clang, r-devel-linux-x86_64-fedora-gcc, r-patched-linux-x86_64, r-release-linux-x86_64