Last updated on 2017-07-31 01:47:24.
Flavor | Version | Tinstall | Tcheck | Ttotal | Status | Flags |
---|---|---|---|---|---|---|
r-devel-linux-x86_64-debian-clang | 0.3-1 | 1.75 | 35.12 | 36.87 | OK | |
r-devel-linux-x86_64-debian-gcc | 0.3-1 | 1.67 | 27.87 | 29.54 | OK | |
r-devel-linux-x86_64-fedora-clang | 0.3-1 | 55.66 | OK | |||
r-devel-linux-x86_64-fedora-gcc | 0.3-1 | 54.07 | OK | |||
r-devel-windows-ix86+x86_64 | 0.3-1 | 8.00 | 72.00 | 80.00 | WARN | |
r-patched-linux-x86_64 | 0.3-1 | 1.82 | 36.29 | 38.11 | OK | |
r-patched-solaris-x86 | 0.3-1 | 72.90 | OK | |||
r-release-linux-x86_64 | 0.3-1 | 1.69 | 35.11 | 36.80 | WARN | |
r-release-windows-ix86+x86_64 | 0.3-1 | 4.00 | 70.00 | 74.00 | OK | |
r-release-osx-x86_64 | 0.3-1 | OK | ||||
r-oldrel-windows-ix86+x86_64 | 0.3-1 | 6.00 | 49.00 | 55.00 | WARN | |
r-oldrel-osx-x86_64 | 0.3-1 | OK |
Version: 0.3-1
Check: whether package can be installed
Result: WARN
Found the following significant warnings:
Warning: S3 methods '[.xml_missing', '[.xml_nodeset', '[[.xml_missing', 'xml_attr<-.xml_missing', 'xml_attr<-.xml_node', 'xml_attr<-.xml_nodeset', 'xml_attrs<-.xml_missing', 'xml_attrs<-.xml_node', 'xml_attrs<-.xml_nodeset', 'xml_name<-.xml_missing', 'xml_name<-.xml_node', 'xml_name<-.xml_nodeset', 'xml_text<-.xml_missing', 'xml_text<-.xml_node', 'xml_text<-.xml_nodeset', 'as.character.xml_document', 'as.character.xml_missing', 'as.character.xml_node', 'as.character.xml_nodeset', 'as_list.xml_missing', 'as_list.xml_node', 'as_list.xml_nodeset', 'as_xml_document.character', 'as_xml_document.connection', 'as_xml_document.list', 'as_xml_document.raw', 'as_xml_document.response', 'as_xml_document.xml_document', 'as_xml_document.xml_node', 'as_xml_document.xml_nodeset', 'format.xml_node', 'is.na.xml_missing', 'is.na.xml_node', 'is.na.xml_nodeset', 'nodeset_apply.xml_document', 'nodeset_apply.xml_missing', 'nodeset_apply.xml_node', 'nodeset_apply.xml_nodeset', 'print.xml_document', 'print.xml_missing [... truncated]
Flavors: r-devel-windows-ix86+x86_64, r-oldrel-windows-ix86+x86_64
Version: 0.3-1
Check: whether package can be installed
Result: WARN
Found the following significant warnings:
Warning: S3 methods ‘[.xml_missing’, ‘[.xml_nodeset’, ‘[[.xml_missing’, ‘xml_attr<-.xml_missing’, ‘xml_attr<-.xml_node’, ‘xml_attr<-.xml_nodeset’, ‘xml_attrs<-.xml_missing’, ‘xml_attrs<-.xml_node’, ‘xml_attrs<-.xml_nodeset’, ‘xml_name<-.xml_missing’, ‘xml_name<-.xml_node’, ‘xml_name<-.xml_nodeset’, ‘xml_text<-.xml_missing’, ‘xml_text<-.xml_node’, ‘xml_text<-.xml_nodeset’, ‘as.character.xml_document’, ‘as.character.xml_missing’, ‘as.character.xml_node’, ‘as.character.xml_nodeset’, ‘as_list.xml_missing’, ‘as_list.xml_node’, ‘as_list.xml_nodeset’, ‘as_xml_document.character’, ‘as_xml_document.connection’, ‘as_xml_document.list’, ‘as_xml_document.raw’, ‘as_xml_document.response’, ‘as_xml_document.xml_document’, ‘as_xml_document.xml_node’, ‘as_xml_document.xml_nodeset’, ‘format.xml_node’, ‘is.na.xml_missing’, ‘is.na.xml_node’, ‘is.na.xml_nodeset’, ‘nodeset_apply.x [... truncated]
Flavor: r-release-linux-x86_64