Last updated on 2017-07-31 01:47:25.
Flavor | Version | Tinstall | Tcheck | Ttotal | Status | Flags |
---|---|---|---|---|---|---|
r-devel-linux-x86_64-debian-clang | 1.0.0 | 1.28 | 33.92 | 35.20 | OK | |
r-devel-linux-x86_64-debian-gcc | 1.0.0 | 1.12 | 26.18 | 27.29 | OK | |
r-devel-linux-x86_64-fedora-clang | 1.0.0 | 52.60 | NOTE | |||
r-devel-linux-x86_64-fedora-gcc | 1.0.0 | 47.05 | NOTE | |||
r-devel-windows-ix86+x86_64 | 1.0.0 | 5.00 | 71.00 | 76.00 | OK | |
r-patched-linux-x86_64 | 1.0.0 | 1.26 | 35.30 | 36.57 | OK | |
r-patched-solaris-x86 | 1.0.0 | 65.20 | NOTE | |||
r-release-linux-x86_64 | 1.0.0 | 1.15 | 33.55 | 34.69 | OK | |
r-release-windows-ix86+x86_64 | 1.0.0 | 4.00 | 60.00 | 64.00 | OK | |
r-release-osx-x86_64 | 1.0.0 | NOTE | ||||
r-oldrel-windows-ix86+x86_64 | 1.0.0 | 4.00 | 46.00 | 50.00 | OK | |
r-oldrel-osx-x86_64 | 1.0.0 | NOTE |
Version: 1.0.0
Check: dependencies in R code
Result: NOTE
Namespaces in Imports field not imported from:
‘lexicon’ ‘syuzhet’
All declared Imports should be used.
Flavors: r-devel-linux-x86_64-fedora-clang, r-devel-linux-x86_64-fedora-gcc, r-patched-solaris-x86, r-release-osx-x86_64, r-oldrel-osx-x86_64