CRAN Package Check Results for Package sharpshootR

Last updated on 2017-07-31 01:47:25.

Flavor Version Tinstall Tcheck Ttotal Status Flags
r-devel-linux-x86_64-debian-clang 1.0 5.48 87.16 92.64 OK
r-devel-linux-x86_64-debian-gcc 1.0 6.09 77.00 83.09 OK
r-devel-linux-x86_64-fedora-clang 1.0 170.08 OK
r-devel-linux-x86_64-fedora-gcc 1.0 165.78 OK
r-devel-windows-ix86+x86_64 1.0 22.00 183.00 205.00 OK
r-patched-linux-x86_64 1.0 5.76 93.81 99.57 OK
r-patched-solaris-x86 1.0 236.00 OK
r-release-linux-x86_64 1.0 6.65 88.18 94.83 OK
r-release-windows-ix86+x86_64 1.0 33.00 165.00 198.00 OK
r-release-osx-x86_64 1.0 NOTE
r-oldrel-windows-ix86+x86_64 1.0 17.00 122.00 139.00 OK
r-oldrel-osx-x86_64 1.0 OK

Check Details

Version: 1.0
Check: package dependencies
Result: NOTE
    Packages suggested but not available for checking: ‘rgdal’ ‘rgeos’
Flavor: r-release-osx-x86_64