Last updated on 2017-07-31 01:47:25.
Flavor | Version | Tinstall | Tcheck | Ttotal | Status | Flags |
---|---|---|---|---|---|---|
r-devel-linux-x86_64-debian-clang | 0.2.4 | 0.63 | 30.90 | 31.52 | OK | |
r-devel-linux-x86_64-debian-gcc | 0.2.4 | 0.80 | 24.51 | 25.31 | OK | |
r-devel-linux-x86_64-fedora-clang | 0.2.4 | 28.97 | NOTE | |||
r-devel-linux-x86_64-fedora-gcc | 0.2.4 | 27.73 | NOTE | |||
r-devel-windows-ix86+x86_64 | 0.2.4 | 4.00 | 63.00 | 67.00 | OK | |
r-patched-linux-x86_64 | 0.2.4 | 0.66 | 32.59 | 33.25 | OK | |
r-patched-solaris-x86 | 0.2.4 | 40.40 | NOTE | |||
r-release-linux-x86_64 | 0.2.4 | 0.77 | 29.34 | 30.12 | OK | |
r-release-windows-ix86+x86_64 | 0.2.4 | 2.00 | 60.00 | 62.00 | OK | |
r-release-osx-x86_64 | 0.2.4 | NOTE | ||||
r-oldrel-windows-ix86+x86_64 | 0.2.4 | 2.00 | 44.00 | 46.00 | OK | |
r-oldrel-osx-x86_64 | 0.2.4 | NOTE |
Version: 0.2.4
Check: dependencies in R code
Result: NOTE
Namespace in Imports field not imported from: ‘dplyr’
All declared Imports should be used.
Flavors: r-devel-linux-x86_64-fedora-clang, r-devel-linux-x86_64-fedora-gcc, r-patched-solaris-x86, r-release-osx-x86_64, r-oldrel-osx-x86_64