CRAN Package Check Results for Package skeleSim

Last updated on 2017-07-31 01:47:25.

Flavor Version Tinstall Tcheck Ttotal Status Flags
r-devel-linux-x86_64-debian-clang 0.9.5 0.68 2.31 2.99 ERROR
r-devel-linux-x86_64-debian-gcc 0.9.5 6.79 83.10 89.89 OK
r-devel-linux-x86_64-fedora-clang 0.9.5 188.15 OK
r-devel-linux-x86_64-fedora-gcc 0.9.5 198.14 OK
r-devel-windows-ix86+x86_64 0.9.5 31.00 219.00 250.00 OK
r-patched-linux-x86_64 0.9.5 6.94 95.03 101.97 OK
r-patched-solaris-x86 0.9.5 273.30 OK
r-release-linux-x86_64 0.9.5 7.31 91.83 99.14 OK
r-release-windows-ix86+x86_64 0.9.5 55.00 197.00 252.00 OK
r-release-osx-x86_64 0.9.5 ERROR
r-oldrel-windows-ix86+x86_64 0.9.5 20.00 148.00 168.00 OK
r-oldrel-osx-x86_64 0.9.5 OK

Check Details

Version: 0.9.5
Check: package dependencies
Result: ERROR
    Package required but not available: ‘rmetasim’
    
    See section ‘The DESCRIPTION file’ in the ‘Writing R Extensions’
    manual.
Flavor: r-devel-linux-x86_64-debian-clang

Version: 0.9.5
Check: package dependencies
Result: ERROR
    Package required but not available: ‘strataG’
    
    See section ‘The DESCRIPTION file’ in the ‘Writing R Extensions’
    manual.
Flavor: r-release-osx-x86_64