Last updated on 2017-07-31 01:47:25.
Flavor | Version | Tinstall | Tcheck | Ttotal | Status | Flags |
---|---|---|---|---|---|---|
r-devel-linux-x86_64-debian-clang | 0.1 | 0.51 | 16.89 | 17.41 | NOTE | |
r-devel-linux-x86_64-debian-gcc | 0.1 | 0.52 | 10.35 | 10.87 | NOTE | |
r-devel-linux-x86_64-fedora-clang | 0.1 | 16.95 | NOTE | |||
r-devel-linux-x86_64-fedora-gcc | 0.1 | 16.52 | NOTE | |||
r-devel-windows-ix86+x86_64 | 0.1 | 4.00 | 33.00 | 37.00 | NOTE | |
r-patched-linux-x86_64 | 0.1 | 0.67 | 16.53 | 17.20 | NOTE | |
r-patched-solaris-x86 | 0.1 | 24.20 | NOTE | |||
r-release-linux-x86_64 | 0.1 | 0.54 | 16.54 | 17.09 | NOTE | |
r-release-windows-ix86+x86_64 | 0.1 | 2.00 | 21.00 | 23.00 | NOTE | |
r-release-osx-x86_64 | 0.1 | NOTE | ||||
r-oldrel-windows-ix86+x86_64 | 0.1 | 2.00 | 23.00 | 25.00 | NOTE | |
r-oldrel-osx-x86_64 | 0.1 | NOTE |
Version: 0.1
Check: R code for possible problems
Result: NOTE
dskt: no visible global function definition for ‘dt’
pskt: no visible global function definition for ‘pt’
qskt: no visible global function definition for ‘qt’
rskt: no visible global function definition for ‘runif’
Undefined global functions or variables:
dt pt qt runif
Consider adding
importFrom("stats", "dt", "pt", "qt", "runif")
to your NAMESPACE file.
Flavors: r-devel-linux-x86_64-debian-clang, r-devel-linux-x86_64-debian-gcc, r-devel-linux-x86_64-fedora-clang, r-devel-linux-x86_64-fedora-gcc, r-devel-windows-ix86+x86_64, r-patched-linux-x86_64, r-patched-solaris-x86, r-release-linux-x86_64, r-release-windows-ix86+x86_64, r-release-osx-x86_64, r-oldrel-windows-ix86+x86_64, r-oldrel-osx-x86_64