CRAN Package Check Results for Package smoof

Last updated on 2017-07-31 01:47:26.

Flavor Version Tinstall Tcheck Ttotal Status Flags
r-devel-linux-x86_64-debian-clang 1.5 19.75 65.95 85.69 OK
r-devel-linux-x86_64-debian-gcc 1.5 20.08 50.70 70.78 OK
r-devel-linux-x86_64-fedora-clang 1.5 134.61 OK
r-devel-linux-x86_64-fedora-gcc 1.5 134.27 OK
r-devel-windows-ix86+x86_64 1.5 85.00 173.00 258.00 NOTE
r-patched-linux-x86_64 1.5 20.28 65.53 85.81 OK
r-patched-solaris-x86 1.5 157.20 OK
r-release-linux-x86_64 1.5 20.43 63.72 84.15 OK
r-release-windows-ix86+x86_64 1.5 102.00 163.00 265.00 NOTE
r-release-osx-x86_64 1.5 OK
r-oldrel-windows-ix86+x86_64 1.5 91.00 112.00 203.00 NOTE
r-oldrel-osx-x86_64 1.5 OK

Check Details

Version: 1.5
Check: package dependencies
Result: NOTE
    Package suggested but not available for checking: 'rPython'
Flavors: r-devel-windows-ix86+x86_64, r-release-windows-ix86+x86_64, r-oldrel-windows-ix86+x86_64