Last updated on 2017-07-31 01:47:26.
Flavor | Version | Tinstall | Tcheck | Ttotal | Status | Flags |
---|---|---|---|---|---|---|
r-devel-linux-x86_64-debian-clang | 0.4.0 | 0.64 | 26.12 | 26.76 | OK | |
r-devel-linux-x86_64-debian-gcc | 0.4.0 | 0.56 | 19.62 | 20.18 | OK | |
r-devel-linux-x86_64-fedora-clang | 0.4.0 | 35.33 | OK | |||
r-devel-linux-x86_64-fedora-gcc | 0.4.0 | 34.01 | OK | |||
r-devel-windows-ix86+x86_64 | 0.4.0 | 3.00 | 53.00 | 56.00 | OK | |
r-patched-linux-x86_64 | 0.4.0 | 0.70 | 26.70 | 27.39 | OK | |
r-patched-solaris-x86 | 0.4.0 | 51.80 | OK | |||
r-release-linux-x86_64 | 0.4.0 | 0.65 | 26.02 | 26.66 | OK | |
r-release-windows-ix86+x86_64 | 0.4.0 | 2.00 | 52.00 | 54.00 | OK | |
r-release-osx-x86_64 | 0.4.0 | NOTE | ||||
r-oldrel-windows-ix86+x86_64 | 0.4.0 | 3.00 | 37.00 | 40.00 | OK | |
r-oldrel-osx-x86_64 | 0.4.0 | ERROR |
Version: 0.4.0
Check: for unstated dependencies in vignettes
Result: NOTE
Warning: parse error in file '/Volumes/XT3/Builds/R-dev-web/QA/Simon/packages/el-capitan-x86_64/results/3.4/snakecase.Rcheck/snakecase/doc/caseconverters.R':
invalid multibyte character in parser at line 28
Flavor: r-release-osx-x86_64
Version: 0.4.0
Check: whether package can be installed
Result: ERROR
Installation failed.
Flavor: r-oldrel-osx-x86_64