Last updated on 2017-07-31 01:47:26.
Flavor | Version | Tinstall | Tcheck | Ttotal | Status | Flags |
---|---|---|---|---|---|---|
r-devel-linux-x86_64-debian-clang | 1.0.1 | 1.91 | 58.79 | 60.70 | OK | |
r-devel-linux-x86_64-debian-gcc | 1.0.1 | 1.98 | 42.70 | 44.68 | OK | |
r-devel-linux-x86_64-fedora-clang | 1.0.1 | 92.41 | NOTE | |||
r-devel-linux-x86_64-fedora-gcc | 1.0.1 | 94.04 | NOTE | |||
r-devel-windows-ix86+x86_64 | 1.0.1 | 9.00 | 121.00 | 130.00 | OK | |
r-patched-linux-x86_64 | 1.0.1 | 1.85 | 58.68 | 60.53 | OK | |
r-patched-solaris-x86 | 1.0.1 | 102.90 | NOTE | |||
r-release-linux-x86_64 | 1.0.1 | 1.88 | 56.92 | 58.80 | OK | |
r-release-windows-ix86+x86_64 | 1.0.1 | 6.00 | 105.00 | 111.00 | OK | |
r-release-osx-x86_64 | 1.0.1 | NOTE | ||||
r-oldrel-windows-ix86+x86_64 | 1.0.0 | 5.00 | 77.00 | 82.00 | OK | |
r-oldrel-osx-x86_64 | 1.0.1 | ERROR |
Version: 1.0.1
Check: dependencies in R code
Result: NOTE
Namespaces in Imports field not imported from:
‘gtools’ ‘hashmap’ ‘reshape2’
All declared Imports should be used.
Flavors: r-devel-linux-x86_64-fedora-clang, r-devel-linux-x86_64-fedora-gcc, r-patched-solaris-x86, r-release-osx-x86_64
Version: 1.0.1
Check: whether package can be installed
Result: ERROR
Installation failed.
Flavor: r-oldrel-osx-x86_64