CRAN Package Check Results for Package sparseSEM

Last updated on 2017-07-31 01:47:26.

Flavor Version Tinstall Tcheck Ttotal Status Flags
r-devel-linux-x86_64-debian-clang 2.5 2.49 24.07 26.56 NOTE
r-devel-linux-x86_64-debian-gcc 2.5 3.05 18.48 21.53 NOTE
r-devel-linux-x86_64-fedora-clang 2.5 36.43 NOTE
r-devel-linux-x86_64-fedora-gcc 2.5 37.55 NOTE
r-devel-windows-ix86+x86_64 2.5 14.00 64.00 78.00 NOTE
r-patched-linux-x86_64 2.5 3.03 24.39 27.42 NOTE
r-patched-solaris-x86 2.5 48.90 NOTE
r-release-linux-x86_64 2.5 2.98 23.46 26.44 NOTE
r-release-windows-ix86+x86_64 2.5 12.00 48.00 60.00 NOTE
r-release-osx-x86_64 2.5 NOTE
r-oldrel-windows-ix86+x86_64 2.5 11.00 48.00 59.00 NOTE
r-oldrel-osx-x86_64 2.5 NOTE

Check Details

Version: 2.5
Check: DESCRIPTION meta-information
Result: NOTE
    Malformed Description field: should contain one or more complete sentences.
Flavors: r-devel-linux-x86_64-debian-clang, r-devel-linux-x86_64-debian-gcc, r-devel-linux-x86_64-fedora-clang, r-devel-linux-x86_64-fedora-gcc, r-devel-windows-ix86+x86_64, r-patched-linux-x86_64, r-patched-solaris-x86, r-release-linux-x86_64, r-release-windows-ix86+x86_64, r-release-osx-x86_64, r-oldrel-windows-ix86+x86_64, r-oldrel-osx-x86_64

Version: 2.5
Check: compiled code
Result: NOTE
    File ‘sparseSEM/libs/sparseSEM.so’:
     Found no calls to: ‘R_registerRoutines’, ‘R_useDynamicSymbols’
    
    It is good practice to register native routines and to disable symbol
    search.
    
    See ‘Writing portable packages’ in the ‘Writing R Extensions’ manual.
Flavors: r-devel-linux-x86_64-debian-clang, r-devel-linux-x86_64-debian-gcc, r-devel-linux-x86_64-fedora-clang, r-devel-linux-x86_64-fedora-gcc, r-patched-linux-x86_64, r-release-linux-x86_64