CRAN Package Check Results for Package spsurvey

Last updated on 2017-07-31 01:47:27.

Flavor Version Tinstall Tcheck Ttotal Status Flags
r-devel-linux-x86_64-debian-clang 3.3 11.31 337.15 348.46 OK
r-devel-linux-x86_64-debian-gcc 3.3 10.66 307.34 318.00 OK
r-devel-linux-x86_64-fedora-clang 3.3 631.35 OK
r-devel-linux-x86_64-fedora-gcc 3.3 652.41 OK
r-devel-windows-ix86+x86_64 3.3 58.00 720.00 778.00 OK
r-patched-linux-x86_64 3.3 10.61 352.67 363.28 OK
r-patched-solaris-x86 3.3 1198.10 OK
r-release-linux-x86_64 3.3 10.60 352.08 362.68 OK
r-release-windows-ix86+x86_64 3.3 82.00 683.00 765.00 OK
r-release-osx-x86_64 3.3 NOTE
r-oldrel-windows-ix86+x86_64 3.3 41.00 504.00 545.00 OK
r-oldrel-osx-x86_64 3.3 OK

Additional issues

rchk valgrind

Check Details

Version: 3.3
Check: re-building of vignette outputs
Result: NOTE
    Error in re-building vignettes:
     ...
    Loading required package: sp
    
    Version 3.3 of the spsurvey package was loaded successfully.
    
    Warning in grts(design = Paneldsgn, DesignID = "UNEQUAL", type.frame = "area", :
    
    Oversample size is not proportional to category sample sizes for stratum
    "None".
    
    Error in texi2dvi(file = file, pdf = TRUE, clean = clean, quiet = quiet, :
     Running 'texi2dvi' on 'CDF_Analysis.tex' failed.
    LaTeX errors:
    ! LaTeX Error: File `chicago.sty' not found.
    
    Type X to quit or <RETURN> to proceed,
    or enter new name. (Default extension: sty)
    
    ! Emergency stop.
    <read *>
    
    l.7 \bibliographystyle
     {chicago}^^M
    ! ==> Fatal error occurred, no output PDF file produced!
    Calls: buildVignettes -> texi2pdf -> texi2dvi
    Execution halted
Flavor: r-release-osx-x86_64