Last updated on 2017-07-31 01:47:27.
Flavor | Version | Tinstall | Tcheck | Ttotal | Status | Flags |
---|---|---|---|---|---|---|
r-devel-linux-x86_64-debian-clang | 0.5.1 | 15.11 | 30.69 | 45.80 | NOTE | |
r-devel-linux-x86_64-debian-gcc | 0.5.1 | 14.52 | 23.50 | 38.02 | NOTE | |
r-devel-linux-x86_64-fedora-clang | 0.5.1 | 72.96 | NOTE | |||
r-devel-linux-x86_64-fedora-gcc | 0.5.1 | 70.67 | NOTE | |||
r-devel-windows-ix86+x86_64 | 0.5.1 | 79.00 | 104.00 | 183.00 | OK | |
r-patched-linux-x86_64 | 0.5.1 | 14.27 | 30.81 | 45.08 | NOTE | |
r-patched-solaris-x86 | 0.5.1 | 79.60 | OK | |||
r-release-linux-x86_64 | 0.5.1 | 14.31 | 30.61 | 44.92 | NOTE | |
r-release-windows-ix86+x86_64 | 0.5.1 | 51.00 | 93.00 | 144.00 | OK | |
r-release-osx-x86_64 | 0.5.1 | OK | ||||
r-oldrel-windows-ix86+x86_64 | 0.5.1 | 67.00 | 60.00 | 127.00 | OK | |
r-oldrel-osx-x86_64 | 0.5.1 | OK |
Version: 0.5.1
Check: compiled code
Result: NOTE
File ‘stlplus/libs/stlplus.so’:
Found no calls to: ‘R_registerRoutines’, ‘R_useDynamicSymbols’
It is good practice to register native routines and to disable symbol
search.
See ‘Writing portable packages’ in the ‘Writing R Extensions’ manual.
Flavors: r-devel-linux-x86_64-debian-clang, r-devel-linux-x86_64-debian-gcc, r-devel-linux-x86_64-fedora-clang, r-devel-linux-x86_64-fedora-gcc, r-patched-linux-x86_64, r-release-linux-x86_64