Last updated on 2017-07-31 01:47:27.
Flavor | Version | Tinstall | Tcheck | Ttotal | Status | Flags |
---|---|---|---|---|---|---|
r-devel-linux-x86_64-debian-clang | 1.2.0 | 0.82 | 28.52 | 29.34 | OK | |
r-devel-linux-x86_64-debian-gcc | 1.2.0 | 0.87 | 19.53 | 20.40 | OK | |
r-devel-linux-x86_64-fedora-clang | 1.2.0 | 35.66 | NOTE | |||
r-devel-linux-x86_64-fedora-gcc | 1.2.0 | 36.17 | NOTE | |||
r-devel-windows-ix86+x86_64 | 1.2.0 | 5.00 | 65.00 | 70.00 | OK | |
r-patched-linux-x86_64 | 1.2.0 | 0.90 | 27.18 | 28.08 | OK | |
r-patched-solaris-x86 | 1.2.0 | 47.60 | NOTE | |||
r-release-linux-x86_64 | 1.2.0 | 0.96 | 27.60 | 28.56 | OK | |
r-release-windows-ix86+x86_64 | 1.2.0 | 3.00 | 54.00 | 57.00 | OK | |
r-release-osx-x86_64 | 1.2.0 | NOTE | ||||
r-oldrel-windows-ix86+x86_64 | 1.2.0 | 5.00 | 36.00 | 41.00 | OK | |
r-oldrel-osx-x86_64 | 1.2.0 | NOTE |
Version: 1.2.0
Check: data for non-ASCII characters
Result: NOTE
Note: found 3 marked UTF-8 strings
Flavors: r-devel-linux-x86_64-fedora-clang, r-devel-linux-x86_64-fedora-gcc, r-patched-solaris-x86, r-release-osx-x86_64, r-oldrel-osx-x86_64